{"id":839,"date":"2017-08-29T17:28:53","date_gmt":"2017-08-29T17:28:53","guid":{"rendered":"http:\/\/educacaofisica.sites.uff.br\/?page_id=839"},"modified":"2017-08-29T17:34:10","modified_gmt":"2017-08-29T17:34:10","slug":"programa-inclusao-social-atraves-do-esporte","status":"publish","type":"page","link":"http:\/\/educacaofisica.sites.uff.br\/?page_id=839","title":{"rendered":"Programa Inclus\u00e3o Social Atrav\u00e9s do Esporte"},"content":{"rendered":"<p class=\"Standard\"><img loading=\"lazy\" decoding=\"async\" class=\"alignnone wp-image-848\" src=\"http:\/\/educacaofisica.sites.uff.br\/wp-content\/uploads\/sites\/10\/2017\/08\/IMG_2717-nata\u00e7\u00e3o-adaptada.jpg\" alt=\"\" width=\"700\" height=\"678\" \/><\/p>\n<p class=\"Standard\">Jovens, adolescentes e crian\u00e7as da comunidade em geral podem participar das atividades desenvolvidas em um conjunto de projetos de extens\u00e3o, que constituem o Programa Inclus\u00e3o Social Atrav\u00e9s do Esporte, coordenado pelo Professor Aur\u00e9lio Pitanga Vianna, do Instituto de Educa\u00e7\u00e3o F\u00edsica da Universidade Federal Fluminense \u2013 IEF\/UFF.<\/p>\n<p class=\"Standard\">Em atividade desde 1996, o Programa tem como objetivo trazer o esporte como ferramenta para a inclus\u00e3o social e a qualidade de vida, na perspectiva da promo\u00e7\u00e3o da sa\u00fade.<\/p>\n<p class=\"Standard\">Futebol, nata\u00e7\u00e3o, lutas, dan\u00e7a est\u00e3o entre as atividades oferecidas. Destaque para o Projeto de Nata\u00e7\u00e3o Adaptada que atende um p\u00fablico de pessoas com defici\u00eancia, em especial crian\u00e7as e jovens.<\/p>\n<p class=\"Standard\">A programa\u00e7\u00e3o conta tamb\u00e9m com uma agenda de atividades extraordin\u00e1rias que incluem visitas \u00e0 escolas, palestras com ex atletas, ciclo de debates abordando temas relevantes na sociedade, como DST e os perigos do uso de drogas.<\/p>\n<p class=\"Standard\">Estudantes do Curso de Licenciatura em Educa\u00e7\u00e3o F\u00edsica do IEF constituem a equipe dos projetos do Programa, atuando como bolsistas de extens\u00e3o ou como volunt\u00e1rios.<\/p>\n<p class=\"Standard\">Para participar, as pessoas interessadas podem buscar informa\u00e7\u00f5es sobre o Programa na secretaria do IEF. As atividades s\u00e3o realizadas nas instala\u00e7\u00f5es do Instituto, no Campus Esportivo do Gragoat\u00e1.<\/p>\n<p class=\"Standard\"><img loading=\"lazy\" decoding=\"async\" class=\"alignnone wp-image-852\" src=\"http:\/\/educacaofisica.sites.uff.br\/wp-content\/uploads\/sites\/10\/2017\/08\/IMG_2788-nata\u00e7\u00e3o-adaptada-2016.jpg\" alt=\"\" width=\"700\" height=\"442\" srcset=\"http:\/\/educacaofisica.sites.uff.br\/wp-content\/uploads\/sites\/10\/2017\/08\/IMG_2788-nata\u00e7\u00e3o-adaptada-2016.jpg 5089w, http:\/\/educacaofisica.sites.uff.br\/wp-content\/uploads\/sites\/10\/2017\/08\/IMG_2788-nata\u00e7\u00e3o-adaptada-2016-300x190.jpg 300w, http:\/\/educacaofisica.sites.uff.br\/wp-content\/uploads\/sites\/10\/2017\/08\/IMG_2788-nata\u00e7\u00e3o-adaptada-2016-768x485.jpg 768w, http:\/\/educacaofisica.sites.uff.br\/wp-content\/uploads\/sites\/10\/2017\/08\/IMG_2788-nata\u00e7\u00e3o-adaptada-2016-1024x647.jpg 1024w\" sizes=\"auto, (max-width: 700px) 100vw, 700px\" \/><\/p>\n","protected":false},"excerpt":{"rendered":"<p>Jovens, adolescentes e crian\u00e7as da comunidade em geral podem participar das atividades desenvolvidas em um conjunto de projetos de extens\u00e3o, que constituem o Programa Inclus\u00e3o Social Atrav\u00e9s do Esporte, coordenado pelo Professor Aur\u00e9lio Pitanga Vianna, do Instituto de Educa\u00e7\u00e3o F\u00edsica da Universidade Federal Fluminense \u2013 IEF\/UFF. Em atividade desde 1996, o Programa tem como objetivo [&hellip;]<\/p>\n","protected":false},"author":10,"featured_media":0,"parent":0,"menu_order":0,"comment_status":"closed","ping_status":"closed","template":"","meta":{"_exactmetrics_skip_tracking":false,"_exactmetrics_sitenote_active":false,"_exactmetrics_sitenote_note":"","_exactmetrics_sitenote_category":0,"footnotes":""},"categories":[],"tags":[],"class_list":["post-839","page","type-page","status-publish","hentry"],"_links":{"self":[{"href":"http:\/\/educacaofisica.sites.uff.br\/index.php?rest_route=\/wp\/v2\/pages\/839","targetHints":{"allow":["GET"]}}],"collection":[{"href":"http:\/\/educacaofisica.sites.uff.br\/index.php?rest_route=\/wp\/v2\/pages"}],"about":[{"href":"http:\/\/educacaofisica.sites.uff.br\/index.php?rest_route=\/wp\/v2\/types\/page"}],"author":[{"embeddable":true,"href":"http:\/\/educacaofisica.sites.uff.br\/index.php?rest_route=\/wp\/v2\/users\/10"}],"replies":[{"embeddable":true,"href":"http:\/\/educacaofisica.sites.uff.br\/index.php?rest_route=%2Fwp%2Fv2%2Fcomments&post=839"}],"version-history":[{"count":6,"href":"http:\/\/educacaofisica.sites.uff.br\/index.php?rest_route=\/wp\/v2\/pages\/839\/revisions"}],"predecessor-version":[{"id":854,"href":"http:\/\/educacaofisica.sites.uff.br\/index.php?rest_route=\/wp\/v2\/pages\/839\/revisions\/854"}],"wp:attachment":[{"href":"http:\/\/educacaofisica.sites.uff.br\/index.php?rest_route=%2Fwp%2Fv2%2Fmedia&parent=839"}],"wp:term":[{"taxonomy":"category","embeddable":true,"href":"http:\/\/educacaofisica.sites.uff.br\/index.php?rest_route=%2Fwp%2Fv2%2Fcategories&post=839"},{"taxonomy":"post_tag","embeddable":true,"href":"http:\/\/educacaofisica.sites.uff.br\/index.php?rest_route=%2Fwp%2Fv2%2Ftags&post=839"}],"curies":[{"name":"wp","href":"https:\/\/api.w.org\/{rel}","templated":true}]}}

Programa Inclusão Social Através do Esporte

<p class="Standard"><img loading="lazy" decoding="async" class="alignnone wp-image-848" src="http://educacaofisica.sites.uff.br/wp-content/uploads/sites/10/2017/08/IMG_2717-natação-adaptada.jpg" alt="" width="700" height="678" /></p>
<p class="Standard">Jovens, adolescentes e crianças da comunidade em geral podem participar das atividades desenvolvidas em um conjunto de projetos de extensão, que constituem o Programa Inclusão Social Através do Esporte, coordenado pelo Professor Aurélio Pitanga Vianna, do Instituto de Educação Física da Universidade Federal Fluminense – IEF/UFF.</p>
<p class="Standard">Em atividade desde 1996, o Programa tem como objetivo trazer o esporte como ferramenta para a inclusão social e a qualidade de vida, na perspectiva da promoção da saúde.</p>
<p class="Standard">Futebol, natação, lutas, dança estão entre as atividades oferecidas. Destaque para o Projeto de Natação Adaptada que atende um público de pessoas com deficiência, em especial crianças e jovens.</p>
<p class="Standard">A programação conta também com uma agenda de atividades extraordinárias que incluem visitas à escolas, palestras com ex atletas, ciclo de debates abordando temas relevantes na sociedade, como DST e os perigos do uso de drogas.</p>
<p class="Standard">Estudantes do Curso de Licenciatura em Educação Física do IEF constituem a equipe dos projetos do Programa, atuando como bolsistas de extensão ou como voluntários.</p>
<p class="Standard">Para participar, as pessoas interessadas podem buscar informações sobre o Programa na secretaria do IEF. As atividades são realizadas nas instalações do Instituto, no Campus Esportivo do Gragoatá.</p>
<p class="Standard"><img loading="lazy" decoding="async" class="alignnone wp-image-852" src="http://educacaofisica.sites.uff.br/wp-content/uploads/sites/10/2017/08/IMG_2788-natação-adaptada-2016.jpg" alt="" width="700" height="442" srcset="http://educacaofisica.sites.uff.br/wp-content/uploads/sites/10/2017/08/IMG_2788-natação-adaptada-2016.jpg 5089w, http://educacaofisica.sites.uff.br/wp-content/uploads/sites/10/2017/08/IMG_2788-natação-adaptada-2016-300x190.jpg 300w, http://educacaofisica.sites.uff.br/wp-content/uploads/sites/10/2017/08/IMG_2788-natação-adaptada-2016-768x485.jpg 768w, http://educacaofisica.sites.uff.br/wp-content/uploads/sites/10/2017/08/IMG_2788-natação-adaptada-2016-1024x647.jpg 1024w" sizes="auto, (max-width: 700px) 100vw, 700px" /></p>

<p>Jovens, adolescentes e crianças da comunidade em geral podem participar das atividades desenvolvidas em um conjunto de projetos de extensão, que constituem o Programa Inclusão Social Através do Esporte, coordenado pelo Professor Aurélio Pitanga Vianna, do Instituto de Educação Física da Universidade Federal Fluminense – IEF/UFF. Em atividade desde 1996, o Programa tem como objetivo [&hellip;]</p>
