{"id":571,"date":"2017-01-16T17:56:41","date_gmt":"2017-01-16T17:56:41","guid":{"rendered":"http:\/\/educacaofisica.sites.uff.br\/?page_id=571"},"modified":"2025-04-10T19:57:45","modified_gmt":"2025-04-10T19:57:45","slug":"especializacao-em-educacao-fisica-escolar","status":"publish","type":"page","link":"http:\/\/educacaofisica.sites.uff.br\/?page_id=571","title":{"rendered":"Especializa\u00e7\u00e3o em Educa\u00e7\u00e3o F\u00edsica Escolar"},"content":{"rendered":"\n<p>A Especializa\u00e7\u00e3o em Educa\u00e7\u00e3o F\u00edsica Escolar \u00e9 um curso&nbsp;<em>lato sensu<\/em>&nbsp;com 360 horas, iniciado pelo departamento de educa\u00e7\u00e3o f\u00edsica em 1990, como desdobramento de um trabalho institucional que promovia e ensinava diferentes pr\u00e1ticas corporais para todos os estudantes da Universidade Federal Fluminense. Inteiramente gratuito, por fazer parte de uma Universidade P\u00fablica Federal, no ano acad\u00eamico de 2025 estamos em sua 35\u00aa edi\u00e7\u00e3o. Tem, como princ\u00edpios gerais na orienta\u00e7\u00e3o do curso, a problematiza\u00e7\u00e3o da atua\u00e7\u00e3o profissional atrav\u00e9s da pr\u00e1tica pedag\u00f3gica educa\u00e7\u00e3o f\u00edsica, especialmente a realizada nas redes p\u00fablicas da educa\u00e7\u00e3o b\u00e1sica, em todos os seus n\u00edveis e modalidades de ensino e, nesse processo, favorecer a organiza\u00e7\u00e3o de um trabalho docente que considere a natureza da educa\u00e7\u00e3o f\u00edsica escolar em di\u00e1logo com o conjunto da escola e da sociedade.<\/p>\n\n\n\n<p>As aulas da especializa\u00e7\u00e3o s\u00e3o realizadas ter\u00e7as e quintas-feiras, com in\u00edcio \u00e0s 14 horas e t\u00e9rmino \u00e0s 17 horas e 50 minutos.&nbsp; As disciplinas que comp\u00f5em a matriz curricular em vig\u00eancia s\u00e3o: Corporeidades e processos escolares; Did\u00e1tica Geral; Inf\u00e2ncias e Educa\u00e7\u00e3o F\u00edsica; Semin\u00e1rio; Curr\u00edculo e planejamento em Educa\u00e7\u00e3o F\u00edsica escolar; Educa\u00e7\u00e3o para o Lazer; G\u00eaneros e Sexualidades e; Promo\u00e7\u00e3o da sa\u00fade na Educa\u00e7\u00e3o F\u00edsica.<\/p>\n\n\n\n<p>Corpo docente credenciado e em atua\u00e7\u00e3o no Curso:<\/p>\n\n\n\n<p>Prof\u00aa Dr\u00aa Adriana Machado Penna (Coordenadora)<\/p>\n\n\n\n<p>Prof\u00aa Ms. Danielle Albuquerque Sampaio<\/p>\n\n\n\n<p>Prof\u00aa Dr\u00aa Elizandra Garcia da Silva (Vice-Coordenadora do Curso)<\/p>\n\n\n\n<p> Prof\u00aa Dr\u00aa Gelta Therezinha Ramos Xavier <\/p>\n\n\n\n<p>Prof\u00aa Dr\u00aa Luciana Collier<\/p>\n\n\n\n<p> Prof Ms Luis Felippe Stellet da Silva Peixoto <\/p>\n\n\n\n<p> Prof Dr. Mackson Luiz Fernandes da Costa <\/p>\n\n\n\n<p>Prof\u00aa Dr\u00aa Maria Cec\u00edlia Sousa de Castro<\/p>\n\n\n\n<p>Prof\u00ba Dr. Paulo Antonio Cresciulo de Almeida<\/p>\n\n\n\n<p>Prof\u00aa Dr\u00aa Rosa Malena de Ara\u00fajo Carvalho&nbsp;&nbsp;<\/p>\n\n\n\n<p>Prof\u00ba Esp. S\u00e9rgio Ricardo Aboud Dutra<\/p>\n\n\n\n<p>Prof\u00ba Dr. Waldyr Lins de Castro<\/p>\n\n\n<p><img loading=\"lazy\" decoding=\"async\" class=\"alignnone wp-image-386\" src=\"http:\/\/educacaofisica.sites.uff.br\/wp-content\/uploads\/sites\/10\/2016\/06\/DSF8114-300x200.jpg\" width=\"700\" height=\"467\" srcset=\"http:\/\/educacaofisica.sites.uff.br\/wp-content\/uploads\/sites\/10\/2016\/06\/DSF8114-300x200.jpg 300w, http:\/\/educacaofisica.sites.uff.br\/wp-content\/uploads\/sites\/10\/2016\/06\/DSF8114-768x512.jpg 768w, http:\/\/educacaofisica.sites.uff.br\/wp-content\/uploads\/sites\/10\/2016\/06\/DSF8114-1024x683.jpg 1024w, http:\/\/educacaofisica.sites.uff.br\/wp-content\/uploads\/sites\/10\/2016\/06\/DSF8114-120x80.jpg 120w\" sizes=\"auto, (max-width: 700px) 100vw, 700px\" \/><\/p>\n<p><strong>Especializa\u00e7\u00e3o em Educa\u00e7\u00e3o F\u00edsica Escolar<\/strong><\/p>\n<p>Coordenadora: Prof\u00aa Dr\u00aa Adriana Machado Penna<\/p>\n<p>Vice Coordenadora:Prof\u00aa Dr\u00aa Elizandra Garcia da Silva<\/p>\n<p>Maiores\u00a0informa\u00e7\u00f5es, enviar mensagem para a secretaria do curso, atrav\u00e9s do endere\u00e7o eletr\u00f4nico\u00a0<strong>secretariaief.pos@gmail.com.<\/strong><\/p>\n<p>\u00a0<\/p>","protected":false},"excerpt":{"rendered":"<p>A Especializa\u00e7\u00e3o em Educa\u00e7\u00e3o F\u00edsica Escolar \u00e9 um curso&nbsp;lato sensu&nbsp;com 360 horas, iniciado pelo departamento de educa\u00e7\u00e3o f\u00edsica em 1990, como desdobramento de um trabalho institucional que promovia e ensinava diferentes pr\u00e1ticas corporais para todos os estudantes da Universidade Federal Fluminense. Inteiramente gratuito, por fazer parte de uma Universidade P\u00fablica Federal, no ano acad\u00eamico de [&hellip;]<\/p>\n","protected":false},"author":10,"featured_media":0,"parent":0,"menu_order":0,"comment_status":"closed","ping_status":"closed","template":"","meta":{"_exactmetrics_skip_tracking":false,"_exactmetrics_sitenote_active":false,"_exactmetrics_sitenote_note":"","_exactmetrics_sitenote_category":0,"footnotes":""},"categories":[],"tags":[],"class_list":["post-571","page","type-page","status-publish","hentry"],"_links":{"self":[{"href":"http:\/\/educacaofisica.sites.uff.br\/index.php?rest_route=\/wp\/v2\/pages\/571","targetHints":{"allow":["GET"]}}],"collection":[{"href":"http:\/\/educacaofisica.sites.uff.br\/index.php?rest_route=\/wp\/v2\/pages"}],"about":[{"href":"http:\/\/educacaofisica.sites.uff.br\/index.php?rest_route=\/wp\/v2\/types\/page"}],"author":[{"embeddable":true,"href":"http:\/\/educacaofisica.sites.uff.br\/index.php?rest_route=\/wp\/v2\/users\/10"}],"replies":[{"embeddable":true,"href":"http:\/\/educacaofisica.sites.uff.br\/index.php?rest_route=%2Fwp%2Fv2%2Fcomments&post=571"}],"version-history":[{"count":17,"href":"http:\/\/educacaofisica.sites.uff.br\/index.php?rest_route=\/wp\/v2\/pages\/571\/revisions"}],"predecessor-version":[{"id":2234,"href":"http:\/\/educacaofisica.sites.uff.br\/index.php?rest_route=\/wp\/v2\/pages\/571\/revisions\/2234"}],"wp:attachment":[{"href":"http:\/\/educacaofisica.sites.uff.br\/index.php?rest_route=%2Fwp%2Fv2%2Fmedia&parent=571"}],"wp:term":[{"taxonomy":"category","embeddable":true,"href":"http:\/\/educacaofisica.sites.uff.br\/index.php?rest_route=%2Fwp%2Fv2%2Fcategories&post=571"},{"taxonomy":"post_tag","embeddable":true,"href":"http:\/\/educacaofisica.sites.uff.br\/index.php?rest_route=%2Fwp%2Fv2%2Ftags&post=571"}],"curies":[{"name":"wp","href":"https:\/\/api.w.org\/{rel}","templated":true}]}}