{"id":2150,"date":"2024-10-16T04:37:03","date_gmt":"2024-10-16T04:37:03","guid":{"rendered":"http:\/\/educacaofisica.sites.uff.br\/?page_id=2150"},"modified":"2024-10-16T04:37:03","modified_gmt":"2024-10-16T04:37:03","slug":"curso-de-extensao-corporeidades-praticas-corporais-e-educacao-de-jovens-e-adultos-eja-2","status":"publish","type":"page","link":"http:\/\/educacaofisica.sites.uff.br\/?page_id=2150","title":{"rendered":"Curso de extens\u00e3o: corporeidades, pr\u00e1ticas corporais e Educa\u00e7\u00e3o de Jovens e Adultos (EJA)"},"content":{"rendered":"\n<p>Nome da a\u00e7\u00e3o de Extens\u00e3o<\/p>\n\n\n\n<p>Curso de extens\u00e3o: corporeidades, pr\u00e1ticas corporais e Educa\u00e7\u00e3o de Jovens e Adultos (EJA)<\/p>\n\n\n\n<p>Curso<\/p>\n\n\n\n<p>Descri\u00e7\u00e3o da proposta<\/p>\n\n\n\n<p>O acesso e perman\u00eancia \u00e0 escola, para todos, ainda n\u00e3o se consolidou no Brasil. Junto com isso, pr\u00e1ticas corporais e elementos curriculares que colocam o corpo em evid\u00eancia &#8211; como a educa\u00e7\u00e3o f\u00edsica &#8211; s\u00e3o negados ou com oferecimento restrito. O que impossibilita estudo das quest\u00f5es contempor\u00e2neas que exigem diferentes saberes; assim como dificulta a inclus\u00e3o dos alunos e alunas da Educa\u00e7\u00e3o de Jovens e Adultos (EJA) com suas especificidades e repert\u00f3rios de conhecimentos, que trazem para as escolas, como adultos e trabalhadores. Muitos naturalizam as condi\u00e7\u00f5es que marcam os sujeitos da EJA, os colocando como culpados por sua baixa escolariza\u00e7\u00e3o e negando a forma\u00e7\u00e3o, no Brasil, de uma popula\u00e7\u00e3o filha de escravos de ontem. Destacando que 10% da popula\u00e7\u00e3o brasileira \u00e9 analfabeta, reconhecemos o papel das Universidades para que esses jovens e adultos tenham direito aos estudos e que, ao exerc\u00ea-lo, acompanhado de deveres que o estudar carrega, suspenda as previsibilidades que determinam seu futuro. Ideia que requer refor\u00e7os na forma\u00e7\u00e3o docente (para essa Modalidade) e, ao mesmo tempo, pode causar diferentes impactos sociais: pela hist\u00f3ria da EJA reconhecer uma d\u00edvida social com parte da popula\u00e7\u00e3o; por identificar que o tempo e o lugar para estudar tamb\u00e9m \u00e9 forma\u00e7\u00e3o humana; por poder quebrar a previsibilidade que coloca muitos jovens em situa\u00e7\u00f5es de riscos). Articulando com ensino, pesquisa e duas institui\u00e7\u00f5es, esse Curso de extens\u00e3o coloca em estudo o corpo e as pr\u00e1ticas corporais como parte da forma\u00e7\u00e3o, pelo universo da cultura corporal e, de forma interdisciplinar.<\/p>\n\n\n\n<p>P\u00fablico Alvo<\/p>\n\n\n\n<p>Professores e Professoras Licenciados, inseridos\/as nas Redes P\u00fablicas Municipais e Estadual, atuantes na EJA; Gestores da Educa\u00e7\u00e3o B\u00e1sica (Redes P\u00fablicas Municipais e Estadual, tamb\u00e9m atuantes na EJA). Trinta por cento (30%) das vagas est\u00e3o destinadas aos graduandos e graduandas de diferentes cursos de Licenciaturas, interessados\/as na tem\u00e1tica.<\/p>\n\n\n\n<p>Nome do coordenador da a\u00e7\u00e3o<br>Rosa Malena de Ara\u00fajo Carvalho<\/p>\n\n\n\n<p>Instagram do grupo e da coordenadora geral: @gpesquisaelac e @<a rel=\"noreferrer noopener\" href=\"http:\/\/rosa.malena.com\/\" target=\"_blank\">rosa.malena.com<\/a>)Endere\u00e7os eletr\u00f4nicos do grupo e da coordenadora geral:\u00a0<a rel=\"noreferrer noopener\" href=\"mailto:gpesquisaelac@gmail.com\" target=\"_blank\">gpesquisaelac@gmail.com<\/a>\u00a0e\u00a0<a rel=\"noreferrer noopener\" href=\"mailto:rosamalena@id.uff.br\" target=\"_blank\">rosamalena@id.uff.br<\/a>\u00a0A coordenadora do projeto (Rosa Malena Carvalho) e a bolsista da gradua\u00e7\u00e3o (Tatiana Souza &#8211; \u2013 endere\u00e7o eletr\u00f4nico:\u00a0<a rel=\"noreferrer noopener\" href=\"mailto:tatiana_souza@id.uff.br\" target=\"_blank\">tatiana_souza@id.uff.br<\/a>)<\/p>\n\n\n\n<p><br>Qual o n\u00famero de protocolo da a\u00e7\u00e3o de extens\u00e3o na PROEX (SiGProj)?<\/p>\n\n\n\n<p>SIGProj N\u00b0: 402331.2258.48680.21022024<\/p>\n","protected":false},"excerpt":{"rendered":"<p>Nome da a\u00e7\u00e3o de Extens\u00e3o Curso de extens\u00e3o: corporeidades, pr\u00e1ticas corporais e Educa\u00e7\u00e3o de Jovens e Adultos (EJA) Curso Descri\u00e7\u00e3o da proposta O acesso e perman\u00eancia \u00e0 escola, para todos, ainda n\u00e3o se consolidou no Brasil. Junto com isso, pr\u00e1ticas corporais e elementos curriculares que colocam o corpo em evid\u00eancia &#8211; como a educa\u00e7\u00e3o f\u00edsica [&hellip;]<\/p>\n","protected":false},"author":10,"featured_media":0,"parent":0,"menu_order":0,"comment_status":"closed","ping_status":"closed","template":"","meta":{"_exactmetrics_skip_tracking":false,"_exactmetrics_sitenote_active":false,"_exactmetrics_sitenote_note":"","_exactmetrics_sitenote_category":0,"footnotes":""},"categories":[],"tags":[],"class_list":["post-2150","page","type-page","status-publish","hentry"],"_links":{"self":[{"href":"http:\/\/educacaofisica.sites.uff.br\/index.php?rest_route=\/wp\/v2\/pages\/2150","targetHints":{"allow":["GET"]}}],"collection":[{"href":"http:\/\/educacaofisica.sites.uff.br\/index.php?rest_route=\/wp\/v2\/pages"}],"about":[{"href":"http:\/\/educacaofisica.sites.uff.br\/index.php?rest_route=\/wp\/v2\/types\/page"}],"author":[{"embeddable":true,"href":"http:\/\/educacaofisica.sites.uff.br\/index.php?rest_route=\/wp\/v2\/users\/10"}],"replies":[{"embeddable":true,"href":"http:\/\/educacaofisica.sites.uff.br\/index.php?rest_route=%2Fwp%2Fv2%2Fcomments&post=2150"}],"version-history":[{"count":1,"href":"http:\/\/educacaofisica.sites.uff.br\/index.php?rest_route=\/wp\/v2\/pages\/2150\/revisions"}],"predecessor-version":[{"id":2151,"href":"http:\/\/educacaofisica.sites.uff.br\/index.php?rest_route=\/wp\/v2\/pages\/2150\/revisions\/2151"}],"wp:attachment":[{"href":"http:\/\/educacaofisica.sites.uff.br\/index.php?rest_route=%2Fwp%2Fv2%2Fmedia&parent=2150"}],"wp:term":[{"taxonomy":"category","embeddable":true,"href":"http:\/\/educacaofisica.sites.uff.br\/index.php?rest_route=%2Fwp%2Fv2%2Fcategories&post=2150"},{"taxonomy":"post_tag","embeddable":true,"href":"http:\/\/educacaofisica.sites.uff.br\/index.php?rest_route=%2Fwp%2Fv2%2Ftags&post=2150"}],"curies":[{"name":"wp","href":"https:\/\/api.w.org\/{rel}","templated":true}]}}