{"id":2147,"date":"2024-10-16T04:22:46","date_gmt":"2024-10-16T04:22:46","guid":{"rendered":"http:\/\/educacaofisica.sites.uff.br\/?page_id=2147"},"modified":"2024-10-16T04:22:46","modified_gmt":"2024-10-16T04:22:46","slug":"coeducacao-e-educacao-fisica-escolar-reflexoes-introdutorias-e-sistematizacao-de-atividades","status":"publish","type":"page","link":"http:\/\/educacaofisica.sites.uff.br\/?page_id=2147","title":{"rendered":"Coeduca\u00e7\u00e3o e Educa\u00e7\u00e3o F\u00edsica escolar: reflex\u00f5es introdut\u00f3rias e sistematiza\u00e7\u00e3o de atividades\u00a0"},"content":{"rendered":"\n<p>Nome da a\u00e7\u00e3o de Extens\u00e3o<\/p>\n\n\n\n<p>Coeduca\u00e7\u00e3o e Educa\u00e7\u00e3o F\u00edsica escolar: reflex\u00f5es introdut\u00f3rias e sistematiza\u00e7\u00e3o de atividades\u00a0<\/p>\n\n\n\n<p>Curso de Extens\u00e3o\u00a0<\/p>\n\n\n\n<p>Descri\u00e7\u00e3o da proposta<\/p>\n\n\n\n<p>O curso tem por objetivo desenvolver conhecimentos e compet\u00eancias sobre a Coeduca\u00e7\u00e3o enquanto uma abordagem metodol\u00f3gica para o ensino da Educa\u00e7\u00e3o F\u00edsica escolar. Os objetivos espec\u00edficos s\u00e3o: i) apropriar-se de conceitos-chave dos Estudos de G\u00eanero; ii) conhecer a abordagem metodol\u00f3gica da Coeduca\u00e7\u00e3o; iii) sensibilizar-se para a necessidade de promover a equidade na viv\u00eancia das pr\u00e1ticas corporais na Educa\u00e7\u00e3o F\u00edsica escolar; iv) refletir sobre possibilidades de sistematiza\u00e7\u00e3o de atividades coeducativas para a Educa\u00e7\u00e3o F\u00edsica escolar; e v) construir atividades para a Educa\u00e7\u00e3o F\u00edsica escolar no formato coeducativo. O p\u00fablico-alvo s\u00e3o estudantes de Licenciatura em Educa\u00e7\u00e3o F\u00edsica de Institui\u00e7\u00f5es de Ensino Superior p\u00fablicas e docentes de Redes P\u00fablicas de Ensino.<\/p>\n\n\n\n<p>P\u00fablico Alvo<\/p>\n\n\n\n<p>Licenciandas\/os em Educacao F\u00edsica, estudantes dexp\u00f3s-gradua\u00e7\u00e3o e docentes de Redes P\u00fablicas e Privadas de ensino.<\/p>\n\n\n\n<p>Nome do coordenador da a\u00e7\u00e3o<\/p>\n\n\n\n<p>Fabiano Pries Devide<\/p>\n\n\n\n<p>Site da PROEX<\/p>\n\n\n\n<p>Qual o n\u00famero de protocolo da a\u00e7\u00e3o de extens\u00e3o na PROEX (SiGProj)?<\/p>\n\n\n\n<p>398.512.224.716.091.000.000.000<\/p>\n","protected":false},"excerpt":{"rendered":"<p>Nome da a\u00e7\u00e3o de Extens\u00e3o Coeduca\u00e7\u00e3o e Educa\u00e7\u00e3o F\u00edsica escolar: reflex\u00f5es introdut\u00f3rias e sistematiza\u00e7\u00e3o de atividades\u00a0 Curso de Extens\u00e3o\u00a0 Descri\u00e7\u00e3o da proposta O curso tem por objetivo desenvolver conhecimentos e compet\u00eancias sobre a Coeduca\u00e7\u00e3o enquanto uma abordagem metodol\u00f3gica para o ensino da Educa\u00e7\u00e3o F\u00edsica escolar. Os objetivos espec\u00edficos s\u00e3o: i) apropriar-se de conceitos-chave dos Estudos [&hellip;]<\/p>\n","protected":false},"author":10,"featured_media":0,"parent":0,"menu_order":0,"comment_status":"closed","ping_status":"closed","template":"","meta":{"_exactmetrics_skip_tracking":false,"_exactmetrics_sitenote_active":false,"_exactmetrics_sitenote_note":"","_exactmetrics_sitenote_category":0,"footnotes":""},"categories":[],"tags":[],"class_list":["post-2147","page","type-page","status-publish","hentry"],"_links":{"self":[{"href":"http:\/\/educacaofisica.sites.uff.br\/index.php?rest_route=\/wp\/v2\/pages\/2147","targetHints":{"allow":["GET"]}}],"collection":[{"href":"http:\/\/educacaofisica.sites.uff.br\/index.php?rest_route=\/wp\/v2\/pages"}],"about":[{"href":"http:\/\/educacaofisica.sites.uff.br\/index.php?rest_route=\/wp\/v2\/types\/page"}],"author":[{"embeddable":true,"href":"http:\/\/educacaofisica.sites.uff.br\/index.php?rest_route=\/wp\/v2\/users\/10"}],"replies":[{"embeddable":true,"href":"http:\/\/educacaofisica.sites.uff.br\/index.php?rest_route=%2Fwp%2Fv2%2Fcomments&post=2147"}],"version-history":[{"count":1,"href":"http:\/\/educacaofisica.sites.uff.br\/index.php?rest_route=\/wp\/v2\/pages\/2147\/revisions"}],"predecessor-version":[{"id":2148,"href":"http:\/\/educacaofisica.sites.uff.br\/index.php?rest_route=\/wp\/v2\/pages\/2147\/revisions\/2148"}],"wp:attachment":[{"href":"http:\/\/educacaofisica.sites.uff.br\/index.php?rest_route=%2Fwp%2Fv2%2Fmedia&parent=2147"}],"wp:term":[{"taxonomy":"category","embeddable":true,"href":"http:\/\/educacaofisica.sites.uff.br\/index.php?rest_route=%2Fwp%2Fv2%2Fcategories&post=2147"},{"taxonomy":"post_tag","embeddable":true,"href":"http:\/\/educacaofisica.sites.uff.br\/index.php?rest_route=%2Fwp%2Fv2%2Ftags&post=2147"}],"curies":[{"name":"wp","href":"https:\/\/api.w.org\/{rel}","templated":true}]}}

Coeducação e Educação Física escolar: reflexões introdutórias e sistematização de atividades

<p>Nome da ação de Extensão</p>



<p>Coeducação e Educação Física escolar: reflexões introdutórias e sistematização de atividades </p>



<p>Curso de Extensão </p>



<p>Descrição da proposta</p>



<p>O curso tem por objetivo desenvolver conhecimentos e competências sobre a Coeducação enquanto uma abordagem metodológica para o ensino da Educação Física escolar. Os objetivos específicos são: i) apropriar-se de conceitos-chave dos Estudos de Gênero; ii) conhecer a abordagem metodológica da Coeducação; iii) sensibilizar-se para a necessidade de promover a equidade na vivência das práticas corporais na Educação Física escolar; iv) refletir sobre possibilidades de sistematização de atividades coeducativas para a Educação Física escolar; e v) construir atividades para a Educação Física escolar no formato coeducativo. O público-alvo são estudantes de Licenciatura em Educação Física de Instituições de Ensino Superior públicas e docentes de Redes Públicas de Ensino.</p>



<p>Público Alvo</p>



<p>Licenciandas/os em Educacao Física, estudantes dexpós-graduação e docentes de Redes Públicas e Privadas de ensino.</p>



<p>Nome do coordenador da ação</p>



<p>Fabiano Pries Devide</p>



<p>Site da PROEX</p>



<p>Qual o número de protocolo da ação de extensão na PROEX (SiGProj)?</p>



<p>398.512.224.716.091.000.000.000</p>

<p>Nome da ação de Extensão Coeducação e Educação Física escolar: reflexões introdutórias e sistematização de atividades  Curso de Extensão  Descrição da proposta O curso tem por objetivo desenvolver conhecimentos e competências sobre a Coeducação enquanto uma abordagem metodológica para o ensino da Educação Física escolar. Os objetivos específicos são: i) apropriar-se de conceitos-chave dos Estudos [&hellip;]</p>
