{"id":2141,"date":"2024-10-16T03:59:08","date_gmt":"2024-10-16T03:59:08","guid":{"rendered":"http:\/\/educacaofisica.sites.uff.br\/?page_id=2141"},"modified":"2024-10-16T03:59:08","modified_gmt":"2024-10-16T03:59:08","slug":"cine-clube-ief-vidas-em-movimento","status":"publish","type":"page","link":"http:\/\/educacaofisica.sites.uff.br\/?page_id=2141","title":{"rendered":"Cine-Clube IEF Vidas em movimento"},"content":{"rendered":"\n<p>Nome da a\u00e7\u00e3o de Extens\u00e3o<\/p>\n\n\n\n<p>Cine-Clube IEF Vidas em movimento<\/p>\n\n\n\n<p>Projeto<\/p>\n\n\n\n<p>Descri\u00e7\u00e3o da proposta<\/p>\n\n\n\n<p>Implementa\u00e7\u00e3o de uma \u2018sala\u2019 de exibi\u00e7\u00e3o de filmografia que destaque as dimens\u00f5es do Trabalho, Educa\u00e7\u00e3o, Lazer e Cultura. Contar\u00e1 com a participa\u00e7\u00e3o de professores de educa\u00e7\u00e3o f\u00edsica do ensino m\u00e9dio de cinco escolas p\u00fablicas em Niter\u00f3i e alunos interessados. Trata-se de uma a\u00e7\u00e3o relevante de forma\u00e7\u00e3o e an\u00e1lise coletiva da sociedade contempor\u00e2nea e seu atrelamento \u00e0 chamada \u201cRevolu\u00e7\u00e3o 4.0\u201d e sua interven\u00e7\u00e3o na Escola e no trabalho do professor de educa\u00e7\u00e3o f\u00edsica. Utilizaremos filmes e document\u00e1rios que levantem discuss\u00f5es relativas \u00e0 restrutura\u00e7\u00e3o do trabalho no s\u00e9culo XXI e suas implica\u00e7\u00f5es sobre a \u201ccultura corporal\u201d; esta, objeto da educa\u00e7\u00e3o f\u00edsica na sua dimens\u00e3o hist\u00f3rico-cr\u00edtica. Os licenciandos em Educa\u00e7\u00e3o F\u00edsica poder\u00e3o acessar as determina\u00e7\u00f5es de sua forma\u00e7\u00e3o ao problematizarem a indissociabilidade entre ensino, pesquisa e extens\u00e3o como a\u00e7\u00e3o indispens\u00e1vel \u00e0 promo\u00e7\u00e3o da s\u00edntese, da pr\u00e1xis.<\/p>\n\n\n\n<p>P\u00fablico Alvo<\/p>\n\n\n\n<p>Professores da Rede P\u00fablica de Educa\u00e7\u00e3o de Niter\u00f3i e estudantes da Licenciatura em Educa\u00e7\u00e3o F\u00edsica da UFF<\/p>\n\n\n\n<p>Nome do coordenador da a\u00e7\u00e3o<\/p>\n\n\n\n<p>ADRIANA MACHADO PENNA e ELIZANDRA GARCIA DA SILVA<\/p>\n\n\n\n<p>Kaue Azeredo Signe &#8211; BOLSISTA DE GRADUA\u00c7\u00c3O &#8211; (21) 997452687<\/p>\n\n\n\n<p>335.482.225.821.172.000.000.000<\/p>\n","protected":false},"excerpt":{"rendered":"<p>Nome da a\u00e7\u00e3o de Extens\u00e3o Cine-Clube IEF Vidas em movimento Projeto Descri\u00e7\u00e3o da proposta Implementa\u00e7\u00e3o de uma \u2018sala\u2019 de exibi\u00e7\u00e3o de filmografia que destaque as dimens\u00f5es do Trabalho, Educa\u00e7\u00e3o, Lazer e Cultura. Contar\u00e1 com a participa\u00e7\u00e3o de professores de educa\u00e7\u00e3o f\u00edsica do ensino m\u00e9dio de cinco escolas p\u00fablicas em Niter\u00f3i e alunos interessados. Trata-se de [&hellip;]<\/p>\n","protected":false},"author":10,"featured_media":0,"parent":0,"menu_order":0,"comment_status":"closed","ping_status":"closed","template":"","meta":{"_exactmetrics_skip_tracking":false,"_exactmetrics_sitenote_active":false,"_exactmetrics_sitenote_note":"","_exactmetrics_sitenote_category":0,"footnotes":""},"categories":[],"tags":[],"class_list":["post-2141","page","type-page","status-publish","hentry"],"_links":{"self":[{"href":"http:\/\/educacaofisica.sites.uff.br\/index.php?rest_route=\/wp\/v2\/pages\/2141","targetHints":{"allow":["GET"]}}],"collection":[{"href":"http:\/\/educacaofisica.sites.uff.br\/index.php?rest_route=\/wp\/v2\/pages"}],"about":[{"href":"http:\/\/educacaofisica.sites.uff.br\/index.php?rest_route=\/wp\/v2\/types\/page"}],"author":[{"embeddable":true,"href":"http:\/\/educacaofisica.sites.uff.br\/index.php?rest_route=\/wp\/v2\/users\/10"}],"replies":[{"embeddable":true,"href":"http:\/\/educacaofisica.sites.uff.br\/index.php?rest_route=%2Fwp%2Fv2%2Fcomments&post=2141"}],"version-history":[{"count":1,"href":"http:\/\/educacaofisica.sites.uff.br\/index.php?rest_route=\/wp\/v2\/pages\/2141\/revisions"}],"predecessor-version":[{"id":2142,"href":"http:\/\/educacaofisica.sites.uff.br\/index.php?rest_route=\/wp\/v2\/pages\/2141\/revisions\/2142"}],"wp:attachment":[{"href":"http:\/\/educacaofisica.sites.uff.br\/index.php?rest_route=%2Fwp%2Fv2%2Fmedia&parent=2141"}],"wp:term":[{"taxonomy":"category","embeddable":true,"href":"http:\/\/educacaofisica.sites.uff.br\/index.php?rest_route=%2Fwp%2Fv2%2Fcategories&post=2141"},{"taxonomy":"post_tag","embeddable":true,"href":"http:\/\/educacaofisica.sites.uff.br\/index.php?rest_route=%2Fwp%2Fv2%2Ftags&post=2141"}],"curies":[{"name":"wp","href":"https:\/\/api.w.org\/{rel}","templated":true}]}}

<p>Nome da ação de Extensão</p>



<p>Cine-Clube IEF Vidas em movimento</p>



<p>Projeto</p>



<p>Descrição da proposta</p>



<p>Implementação de uma ‘sala’ de exibição de filmografia que destaque as dimensões do Trabalho, Educação, Lazer e Cultura. Contará com a participação de professores de educação física do ensino médio de cinco escolas públicas em Niterói e alunos interessados. Trata-se de uma ação relevante de formação e análise coletiva da sociedade contemporânea e seu atrelamento à chamada “Revolução 4.0” e sua intervenção na Escola e no trabalho do professor de educação física. Utilizaremos filmes e documentários que levantem discussões relativas à restruturação do trabalho no século XXI e suas implicações sobre a “cultura corporal”; esta, objeto da educação física na sua dimensão histórico-crítica. Os licenciandos em Educação Física poderão acessar as determinações de sua formação ao problematizarem a indissociabilidade entre ensino, pesquisa e extensão como ação indispensável à promoção da síntese, da práxis.</p>



<p>Público Alvo</p>



<p>Professores da Rede Pública de Educação de Niterói e estudantes da Licenciatura em Educação Física da UFF</p>



<p>Nome do coordenador da ação</p>



<p>ADRIANA MACHADO PENNA e ELIZANDRA GARCIA DA SILVA</p>



<p>Kaue Azeredo Signe &#8211; BOLSISTA DE GRADUAÇÃO &#8211; (21) 997452687</p>



<p>335.482.225.821.172.000.000.000</p>

<p>Nome da ação de Extensão Cine-Clube IEF Vidas em movimento Projeto Descrição da proposta Implementação de uma ‘sala’ de exibição de filmografia que destaque as dimensões do Trabalho, Educação, Lazer e Cultura. Contará com a participação de professores de educação física do ensino médio de cinco escolas públicas em Niterói e alunos interessados. Trata-se de [&hellip;]</p>
