{"id":1745,"date":"2021-02-05T21:35:48","date_gmt":"2021-02-05T21:35:48","guid":{"rendered":"http:\/\/educacaofisica.sites.uff.br\/?page_id=1745"},"modified":"2021-02-05T21:35:48","modified_gmt":"2021-02-05T21:35:48","slug":"grupo-de-pesquisa-corporeidades-e-cultura-de-paz","status":"publish","type":"page","link":"http:\/\/educacaofisica.sites.uff.br\/?page_id=1745","title":{"rendered":"Grupo de Pesquisa Corporeidades e Cultura de Paz"},"content":{"rendered":"\n<p><strong>Coordena\u00e7\u00e3o: Prof\u00aa Dr\u00aa Tania Maria Cordeiro de Azevedo<\/strong><\/p>\n\n\n\n<p>Pretende-se, atrav\u00e9s de estudo e pesquisa, divulgar a Cultura e a Educa\u00e7\u00e3o para a paz, por meio de confec\u00e7\u00e3o de livros, arquivos digitais, artigos para congressos, palestras, dentre outros meios, tendo em vista, princ\u00edpios da UNESCO e da Universidade Internacional para a paz-UNIPAZ. DIVERSIDADES E EDUCA\u00c7\u00c3O PARA A PAZ, al\u00e9m da desconstru\u00e7\u00e3o de representa\u00e7\u00f5es sociais limitadoras do desenvolvimento e a\u00e7\u00f5es dos indiv\u00edduos, pretende-se evidenciar a import\u00e2ncia do \u2018cuidado\u2019 em rela\u00e7\u00e3o a si e aos outros, visando a manuten\u00e7\u00e3o da sa\u00fade, bem como, o \u2018cuidado\u2019 em rela\u00e7\u00e3o ao meio ambiente, no sentido de sua preserva\u00e7\u00e3o. Por meio da \u00e1rea atividades f\u00edsicas e sa\u00fade, objetiva-se verificar como atividades f\u00edsicas, medita\u00e7\u00e3o, relaxamento e outras t\u00e9cnicas \u201calternativas\u201d, podem contribuir para a sa\u00fade f\u00edsica e, principalmente, mental de indiv\u00edduos, em geral, e daqueles diagnosticados\/as com transtornos mentais, como ansiedade, p\u00e2nico etc., visando o al\u00edvio ou\/e a cessa\u00e7\u00e3o de sintomas, (sem que haja interrup\u00e7\u00e3o de medica\u00e7\u00e3o j\u00e1 prescrita). Tem como finalidade ainda, ampliar estudos nesse campo e ressaltar a import\u00e2ncia de atividades f\u00edsicas e t\u00e9cnicas \u201calternativas\u201d para a sa\u00fade.<\/p>\n","protected":false},"excerpt":{"rendered":"<p>Coordena\u00e7\u00e3o: Prof\u00aa Dr\u00aa Tania Maria Cordeiro de Azevedo Pretende-se, atrav\u00e9s de estudo e pesquisa, divulgar a Cultura e a Educa\u00e7\u00e3o para a paz, por meio de confec\u00e7\u00e3o de livros, arquivos digitais, artigos para congressos, palestras, dentre outros meios, tendo em vista, princ\u00edpios da UNESCO e da Universidade Internacional para a paz-UNIPAZ. DIVERSIDADES E EDUCA\u00c7\u00c3O PARA [&hellip;]<\/p>\n","protected":false},"author":10,"featured_media":0,"parent":0,"menu_order":0,"comment_status":"closed","ping_status":"closed","template":"","meta":{"_exactmetrics_skip_tracking":false,"_exactmetrics_sitenote_active":false,"_exactmetrics_sitenote_note":"","_exactmetrics_sitenote_category":0,"footnotes":""},"categories":[],"tags":[],"class_list":["post-1745","page","type-page","status-publish","hentry"],"_links":{"self":[{"href":"http:\/\/educacaofisica.sites.uff.br\/index.php?rest_route=\/wp\/v2\/pages\/1745","targetHints":{"allow":["GET"]}}],"collection":[{"href":"http:\/\/educacaofisica.sites.uff.br\/index.php?rest_route=\/wp\/v2\/pages"}],"about":[{"href":"http:\/\/educacaofisica.sites.uff.br\/index.php?rest_route=\/wp\/v2\/types\/page"}],"author":[{"embeddable":true,"href":"http:\/\/educacaofisica.sites.uff.br\/index.php?rest_route=\/wp\/v2\/users\/10"}],"replies":[{"embeddable":true,"href":"http:\/\/educacaofisica.sites.uff.br\/index.php?rest_route=%2Fwp%2Fv2%2Fcomments&post=1745"}],"version-history":[{"count":1,"href":"http:\/\/educacaofisica.sites.uff.br\/index.php?rest_route=\/wp\/v2\/pages\/1745\/revisions"}],"predecessor-version":[{"id":1746,"href":"http:\/\/educacaofisica.sites.uff.br\/index.php?rest_route=\/wp\/v2\/pages\/1745\/revisions\/1746"}],"wp:attachment":[{"href":"http:\/\/educacaofisica.sites.uff.br\/index.php?rest_route=%2Fwp%2Fv2%2Fmedia&parent=1745"}],"wp:term":[{"taxonomy":"category","embeddable":true,"href":"http:\/\/educacaofisica.sites.uff.br\/index.php?rest_route=%2Fwp%2Fv2%2Fcategories&post=1745"},{"taxonomy":"post_tag","embeddable":true,"href":"http:\/\/educacaofisica.sites.uff.br\/index.php?rest_route=%2Fwp%2Fv2%2Ftags&post=1745"}],"curies":[{"name":"wp","href":"https:\/\/api.w.org\/{rel}","templated":true}]}}

<p><strong>Coordenação: Profª Drª Tania Maria Cordeiro de Azevedo</strong></p>



<p>Pretende-se, através de estudo e pesquisa, divulgar a Cultura e a Educação para a paz, por meio de confecção de livros, arquivos digitais, artigos para congressos, palestras, dentre outros meios, tendo em vista, princípios da UNESCO e da Universidade Internacional para a paz-UNIPAZ. DIVERSIDADES E EDUCAÇÃO PARA A PAZ, além da desconstrução de representações sociais limitadoras do desenvolvimento e ações dos indivíduos, pretende-se evidenciar a importância do ‘cuidado’ em relação a si e aos outros, visando a manutenção da saúde, bem como, o ‘cuidado’ em relação ao meio ambiente, no sentido de sua preservação. Por meio da área atividades físicas e saúde, objetiva-se verificar como atividades físicas, meditação, relaxamento e outras técnicas “alternativas”, podem contribuir para a saúde física e, principalmente, mental de indivíduos, em geral, e daqueles diagnosticados/as com transtornos mentais, como ansiedade, pânico etc., visando o alívio ou/e a cessação de sintomas, (sem que haja interrupção de medicação já prescrita). Tem como finalidade ainda, ampliar estudos nesse campo e ressaltar a importância de atividades físicas e técnicas “alternativas” para a saúde.</p>

<p>Coordenação: Profª Drª Tania Maria Cordeiro de Azevedo Pretende-se, através de estudo e pesquisa, divulgar a Cultura e a Educação para a paz, por meio de confecção de livros, arquivos digitais, artigos para congressos, palestras, dentre outros meios, tendo em vista, princípios da UNESCO e da Universidade Internacional para a paz-UNIPAZ. DIVERSIDADES E EDUCAÇÃO PARA [&hellip;]</p>
