{"id":1742,"date":"2021-02-05T21:33:17","date_gmt":"2021-02-05T21:33:17","guid":{"rendered":"http:\/\/educacaofisica.sites.uff.br\/?page_id=1742"},"modified":"2021-02-05T21:33:17","modified_gmt":"2021-02-05T21:33:17","slug":"centro-de-estudos-e-pesquisas-em-lutas-artes-marciais-e-esportes-de-combate","status":"publish","type":"page","link":"http:\/\/educacaofisica.sites.uff.br\/?page_id=1742","title":{"rendered":"Centro de Estudos e Pesquisas em Lutas, Artes Marciais e Esportes de Combate"},"content":{"rendered":"\n<p><strong>Coordena\u00e7\u00e3o: Prof\u00ba Dr. Marcelo Moreira Antunes<\/strong><\/p>\n\n\n\n<p>Em conformidade com a miss\u00e3o universit\u00e1ria articulando ensino, pesquisa e extens\u00e3o, o Centro de Estudos e Pesquisas em Lutas, Artes Marciais e Esportes de Combate (CEPLAMEC) do Instituto de Educa\u00e7\u00e3o F\u00edsica da Universidade Federal Fluminense (IEF-UFF) tem a finalidade de desenvolver estudos e pesquisas na \u00e1rea do ensino das lutas e seus desdobramentos na sociedade atual, favorecendo tamb\u00e9m o interc\u00e2mbio entre institui\u00e7\u00f5es e grupos de pesquisa que realizam estudos sobre as mesmas tem\u00e1ticas. As atividades do grupo sustentam ainda a constru\u00e7\u00e3o do pensamento cr\u00edtico dos seus membros no sentido de refletir amplamente sobre a tem\u00e1tica das lutas na atualidade, bem como favorecer a produ\u00e7\u00e3o acad\u00eamica que auxiliem no desenvolvimento da pr\u00e1tica docente no campo de interven\u00e7\u00e3o e de sua forma\u00e7\u00e3o inicial e continuada. Al\u00e9m de promover encontros cient\u00edficos e debates com outros grupos e institui\u00e7\u00f5es de pesquisa.<\/p>\n","protected":false},"excerpt":{"rendered":"<p>Coordena\u00e7\u00e3o: Prof\u00ba Dr. Marcelo Moreira Antunes Em conformidade com a miss\u00e3o universit\u00e1ria articulando ensino, pesquisa e extens\u00e3o, o Centro de Estudos e Pesquisas em Lutas, Artes Marciais e Esportes de Combate (CEPLAMEC) do Instituto de Educa\u00e7\u00e3o F\u00edsica da Universidade Federal Fluminense (IEF-UFF) tem a finalidade de desenvolver estudos e pesquisas na \u00e1rea do ensino das [&hellip;]<\/p>\n","protected":false},"author":10,"featured_media":0,"parent":0,"menu_order":0,"comment_status":"closed","ping_status":"closed","template":"","meta":{"_exactmetrics_skip_tracking":false,"_exactmetrics_sitenote_active":false,"_exactmetrics_sitenote_note":"","_exactmetrics_sitenote_category":0,"footnotes":""},"categories":[],"tags":[],"class_list":["post-1742","page","type-page","status-publish","hentry"],"_links":{"self":[{"href":"http:\/\/educacaofisica.sites.uff.br\/index.php?rest_route=\/wp\/v2\/pages\/1742","targetHints":{"allow":["GET"]}}],"collection":[{"href":"http:\/\/educacaofisica.sites.uff.br\/index.php?rest_route=\/wp\/v2\/pages"}],"about":[{"href":"http:\/\/educacaofisica.sites.uff.br\/index.php?rest_route=\/wp\/v2\/types\/page"}],"author":[{"embeddable":true,"href":"http:\/\/educacaofisica.sites.uff.br\/index.php?rest_route=\/wp\/v2\/users\/10"}],"replies":[{"embeddable":true,"href":"http:\/\/educacaofisica.sites.uff.br\/index.php?rest_route=%2Fwp%2Fv2%2Fcomments&post=1742"}],"version-history":[{"count":1,"href":"http:\/\/educacaofisica.sites.uff.br\/index.php?rest_route=\/wp\/v2\/pages\/1742\/revisions"}],"predecessor-version":[{"id":1743,"href":"http:\/\/educacaofisica.sites.uff.br\/index.php?rest_route=\/wp\/v2\/pages\/1742\/revisions\/1743"}],"wp:attachment":[{"href":"http:\/\/educacaofisica.sites.uff.br\/index.php?rest_route=%2Fwp%2Fv2%2Fmedia&parent=1742"}],"wp:term":[{"taxonomy":"category","embeddable":true,"href":"http:\/\/educacaofisica.sites.uff.br\/index.php?rest_route=%2Fwp%2Fv2%2Fcategories&post=1742"},{"taxonomy":"post_tag","embeddable":true,"href":"http:\/\/educacaofisica.sites.uff.br\/index.php?rest_route=%2Fwp%2Fv2%2Ftags&post=1742"}],"curies":[{"name":"wp","href":"https:\/\/api.w.org\/{rel}","templated":true}]}}

<p><strong>Coordenação: Profº Dr. Marcelo Moreira Antunes</strong></p>



<p>Em conformidade com a missão universitária articulando ensino, pesquisa e extensão, o Centro de Estudos e Pesquisas em Lutas, Artes Marciais e Esportes de Combate (CEPLAMEC) do Instituto de Educação Física da Universidade Federal Fluminense (IEF-UFF) tem a finalidade de desenvolver estudos e pesquisas na área do ensino das lutas e seus desdobramentos na sociedade atual, favorecendo também o intercâmbio entre instituições e grupos de pesquisa que realizam estudos sobre as mesmas temáticas. As atividades do grupo sustentam ainda a construção do pensamento crítico dos seus membros no sentido de refletir amplamente sobre a temática das lutas na atualidade, bem como favorecer a produção acadêmica que auxiliem no desenvolvimento da prática docente no campo de intervenção e de sua formação inicial e continuada. Além de promover encontros científicos e debates com outros grupos e instituições de pesquisa.</p>

<p>Coordenação: Profº Dr. Marcelo Moreira Antunes Em conformidade com a missão universitária articulando ensino, pesquisa e extensão, o Centro de Estudos e Pesquisas em Lutas, Artes Marciais e Esportes de Combate (CEPLAMEC) do Instituto de Educação Física da Universidade Federal Fluminense (IEF-UFF) tem a finalidade de desenvolver estudos e pesquisas na área do ensino das [&hellip;]</p>
