{"id":1666,"date":"2020-09-24T18:30:03","date_gmt":"2020-09-24T18:30:03","guid":{"rendered":"http:\/\/educacaofisica.sites.uff.br\/?page_id=1666"},"modified":"2020-09-24T18:30:03","modified_gmt":"2020-09-24T18:30:03","slug":"nucleo-de-pesquisa-em-trabalho-e-educacao-nupete","status":"publish","type":"page","link":"http:\/\/educacaofisica.sites.uff.br\/?page_id=1666","title":{"rendered":"N\u00facleo de Pesquisa em Trabalho e Educa\u00e7\u00e3o \u2013 NUPETE"},"content":{"rendered":"\n<p> <strong>Grupo de pesquisa coordenado pela Prof Adriana Penna<\/strong> <\/p>\n\n\n\n<p>O N\u00daCLEO DE PESQUISA EM TRABALHO E EDUCA\u00c7\u00c3O \u2013 NUPETE\u00a0&#8211; objetiva analisar as contradi\u00e7\u00f5es presentes nos cursos de forma\u00e7\u00e3o de professores de modo geral e na forma\u00e7\u00e3o de professores de educa\u00e7\u00e3o f\u00edsica, de modo espec\u00edfico. Apoiado nos fundamentos do marxismo e nas bases da pedagogia hist\u00f3rico-cr\u00edtica, buscamos apreender as rela\u00e7\u00f5es contempor\u00e2neas entre os cursos de forma\u00e7\u00e3o de professores, sua rela\u00e7\u00e3o com a precariza\u00e7\u00e3o do trabalho docente e a forma\u00e7\u00e3o humana no contexto escolar, com destaque para as determina\u00e7\u00f5es e implica\u00e7\u00f5es que resultam das orienta\u00e7\u00f5es dos organismos internacionais junto \u00e0s pol\u00edticas educacionais brasileiras.\u00a0Tomando como ponto de partida as principais contradi\u00e7\u00f5es presentes na universidade e\u00a0nas escolas p\u00fablicas contempor\u00e2neas, analisamos\u00a0as mudan\u00e7as, as especificidades e os novos rumos impostos ao conhecimento em tempos de \u201cacumula\u00e7\u00e3o flex\u00edvel\u201d e de avan\u00e7o das teorias da p\u00f3s-modernidade na educa\u00e7\u00e3o, de modo geral e na forma\u00e7\u00e3o de professores, de forma espec\u00edfica. Buscando compreender os novos processos de forma\u00e7\u00e3o do educador e\u00a0seus\u00a0reflexos na op\u00e7\u00e3o pol\u00edtico-pedag\u00f3gica e ideol\u00f3gica frente \u00e0 luta de classes\u00a0e, questionando as pedagogias contempor\u00e2neas sobre a forma\u00e7\u00e3o da classe trabalhadora.<br><\/p>\n","protected":false},"excerpt":{"rendered":"<p>Grupo de pesquisa coordenado pela Prof Adriana Penna O N\u00daCLEO DE PESQUISA EM TRABALHO E EDUCA\u00c7\u00c3O \u2013 NUPETE\u00a0&#8211; objetiva analisar as contradi\u00e7\u00f5es presentes nos cursos de forma\u00e7\u00e3o de professores de modo geral e na forma\u00e7\u00e3o de professores de educa\u00e7\u00e3o f\u00edsica, de modo espec\u00edfico. Apoiado nos fundamentos do marxismo e nas bases da pedagogia hist\u00f3rico-cr\u00edtica, buscamos [&hellip;]<\/p>\n","protected":false},"author":10,"featured_media":0,"parent":0,"menu_order":0,"comment_status":"closed","ping_status":"closed","template":"","meta":{"_exactmetrics_skip_tracking":false,"_exactmetrics_sitenote_active":false,"_exactmetrics_sitenote_note":"","_exactmetrics_sitenote_category":0,"footnotes":""},"categories":[],"tags":[],"class_list":["post-1666","page","type-page","status-publish","hentry"],"_links":{"self":[{"href":"http:\/\/educacaofisica.sites.uff.br\/index.php?rest_route=\/wp\/v2\/pages\/1666","targetHints":{"allow":["GET"]}}],"collection":[{"href":"http:\/\/educacaofisica.sites.uff.br\/index.php?rest_route=\/wp\/v2\/pages"}],"about":[{"href":"http:\/\/educacaofisica.sites.uff.br\/index.php?rest_route=\/wp\/v2\/types\/page"}],"author":[{"embeddable":true,"href":"http:\/\/educacaofisica.sites.uff.br\/index.php?rest_route=\/wp\/v2\/users\/10"}],"replies":[{"embeddable":true,"href":"http:\/\/educacaofisica.sites.uff.br\/index.php?rest_route=%2Fwp%2Fv2%2Fcomments&post=1666"}],"version-history":[{"count":1,"href":"http:\/\/educacaofisica.sites.uff.br\/index.php?rest_route=\/wp\/v2\/pages\/1666\/revisions"}],"predecessor-version":[{"id":1667,"href":"http:\/\/educacaofisica.sites.uff.br\/index.php?rest_route=\/wp\/v2\/pages\/1666\/revisions\/1667"}],"wp:attachment":[{"href":"http:\/\/educacaofisica.sites.uff.br\/index.php?rest_route=%2Fwp%2Fv2%2Fmedia&parent=1666"}],"wp:term":[{"taxonomy":"category","embeddable":true,"href":"http:\/\/educacaofisica.sites.uff.br\/index.php?rest_route=%2Fwp%2Fv2%2Fcategories&post=1666"},{"taxonomy":"post_tag","embeddable":true,"href":"http:\/\/educacaofisica.sites.uff.br\/index.php?rest_route=%2Fwp%2Fv2%2Ftags&post=1666"}],"curies":[{"name":"wp","href":"https:\/\/api.w.org\/{rel}","templated":true}]}}