{"id":1586,"date":"2020-08-10T16:02:09","date_gmt":"2020-08-10T16:02:09","guid":{"rendered":"http:\/\/educacaofisica.sites.uff.br\/?page_id=1586"},"modified":"2025-04-04T18:00:09","modified_gmt":"2025-04-04T18:00:09","slug":"encontro-fluminense-de-educacao-fisica-escolar-enfefe","status":"publish","type":"page","link":"http:\/\/educacaofisica.sites.uff.br\/?page_id=1586","title":{"rendered":"Encontro Fluminense de Educa\u00e7\u00e3o F\u00edsica Escolar (EnFEFE)"},"content":{"rendered":"\n<p> Nos dias 21, 22 e 23 de Novembro foi realizado o XVI EnFEFE -Encontro Fluminense de Educa\u00e7\u00e3o F\u00edsica Escolar. <\/p>\n\n\n\n<p>Confira a qui a cobertura audiovisual:<\/p>\n\n\n\n<p><blockquote class=\"wp-embedded-content\" data-secret=\"AdyGgUQ4eA\"><a href=\"http:\/\/educacaofisica.sites.uff.br\/?p=1956\">XVI EnFEFE &#8211; Cobertura audiovisual dispon\u00edvel<\/a><\/blockquote><iframe loading=\"lazy\" class=\"wp-embedded-content\" sandbox=\"allow-scripts\" security=\"restricted\" style=\"position: absolute; visibility: hidden;\" title=\"&#8220;XVI EnFEFE &#8211; Cobertura audiovisual dispon\u00edvel&#8221; &#8212; Educa\u00e7\u00e3o Fisica\" src=\"http:\/\/educacaofisica.sites.uff.br\/?p=1956&#038;embed=true#?secret=TpZCf4MtMm#?secret=AdyGgUQ4eA\" data-secret=\"AdyGgUQ4eA\" width=\"500\" height=\"282\" frameborder=\"0\" marginwidth=\"0\" marginheight=\"0\" scrolling=\"no\"><\/iframe><\/p>\n\n\n\n<p>O Encontro Fluminense de Educa\u00e7\u00e3o F\u00edsica Escolar (EnFEFE) \u00e9 evento acad\u00eamico organizado pelo Departamento de Educa\u00e7\u00e3o F\u00edsica, desde 1996, com o objetivo de aproximar a Universidade da Educa\u00e7\u00e3o B\u00e1sica, atrav\u00e9s de um espa\u00e7o onde os problemas da educa\u00e7\u00e3o f\u00edsica escolar em nossa regi\u00e3o possam ser discutidos.<\/p>\n\n\n\n<p>Esse Encontro faz parte de trabalho institucional atento \u00e0 responsabilidade social da Universidade p\u00fablica, questionando o que \u00e9 hegem\u00f4nico na Educa\u00e7\u00e3o. Nesse movimento, compreendemos a Educa\u00e7\u00e3o F\u00edsica Escolar integrante desse cen\u00e1rio, cujos conte\u00fados, objetos de ensino\/pesquisa e problematiza\u00e7\u00f5es consideram a organiza\u00e7\u00e3o social, a escolar e v\u00e3o al\u00e9m da rela\u00e7\u00e3o com os esportes, pois a&nbsp;<em>cultura corporal<\/em>&nbsp;\u00e9 paradigma.<\/p>\n\n\n\n<p>Em 2020, ano em que o Departamento de Educa\u00e7\u00e3o F\u00edsica da UFF completa 45 anos, o XV EnFEFE pautar\u00e1 a \u201c<em>Escola, Educa\u00e7\u00e3o F\u00edsica e os impactos do avan\u00e7o conservador<\/em>\u201d como quest\u00e3o central. Considerando que a ideia geral do evento e o m\u00eas de sua realiza\u00e7\u00e3o (novembro) foram aprovados na \u00faltima reuni\u00e3o departamental de 2019; continua urgente e necess\u00e1ria a discuss\u00e3o do tema geral do evento, nesse contexto de crise pol\u00edtica e sanit\u00e1ria e; ainda nos encontramos com necessidade de distanciamento social provocado pela pandemia da covid-19; a comiss\u00e3o organizadora trabalha para que o XV EnFEFE ocorra em dois momentos. O primeiro momento ser\u00e1 atrav\u00e9s de plataforma virtual, nos dias 16, 17 e 18 de novembro, sempre com in\u00edcio \u00e0s 17h e; o segundo momento, a ser realizado no final do primeiro semestre de 2021, presencial, se for poss\u00edvel. Em breve, maiores detalhes.<\/p>\n","protected":false},"excerpt":{"rendered":"<p>Nos dias 21, 22 e 23 de Novembro foi realizado o XVI EnFEFE -Encontro Fluminense de Educa\u00e7\u00e3o F\u00edsica Escolar. Confira a qui a cobertura audiovisual: XVI EnFEFE &#8211; Cobertura audiovisual dispon\u00edvel O Encontro Fluminense de Educa\u00e7\u00e3o F\u00edsica Escolar (EnFEFE) \u00e9 evento acad\u00eamico organizado pelo Departamento de Educa\u00e7\u00e3o F\u00edsica, desde 1996, com o objetivo de aproximar [&hellip;]<\/p>\n","protected":false},"author":10,"featured_media":0,"parent":0,"menu_order":0,"comment_status":"closed","ping_status":"closed","template":"","meta":{"_exactmetrics_skip_tracking":false,"_exactmetrics_sitenote_active":false,"_exactmetrics_sitenote_note":"","_exactmetrics_sitenote_category":0,"footnotes":""},"categories":[],"tags":[],"class_list":["post-1586","page","type-page","status-publish","hentry"],"_links":{"self":[{"href":"http:\/\/educacaofisica.sites.uff.br\/index.php?rest_route=\/wp\/v2\/pages\/1586","targetHints":{"allow":["GET"]}}],"collection":[{"href":"http:\/\/educacaofisica.sites.uff.br\/index.php?rest_route=\/wp\/v2\/pages"}],"about":[{"href":"http:\/\/educacaofisica.sites.uff.br\/index.php?rest_route=\/wp\/v2\/types\/page"}],"author":[{"embeddable":true,"href":"http:\/\/educacaofisica.sites.uff.br\/index.php?rest_route=\/wp\/v2\/users\/10"}],"replies":[{"embeddable":true,"href":"http:\/\/educacaofisica.sites.uff.br\/index.php?rest_route=%2Fwp%2Fv2%2Fcomments&post=1586"}],"version-history":[{"count":2,"href":"http:\/\/educacaofisica.sites.uff.br\/index.php?rest_route=\/wp\/v2\/pages\/1586\/revisions"}],"predecessor-version":[{"id":2202,"href":"http:\/\/educacaofisica.sites.uff.br\/index.php?rest_route=\/wp\/v2\/pages\/1586\/revisions\/2202"}],"wp:attachment":[{"href":"http:\/\/educacaofisica.sites.uff.br\/index.php?rest_route=%2Fwp%2Fv2%2Fmedia&parent=1586"}],"wp:term":[{"taxonomy":"category","embeddable":true,"href":"http:\/\/educacaofisica.sites.uff.br\/index.php?rest_route=%2Fwp%2Fv2%2Fcategories&post=1586"},{"taxonomy":"post_tag","embeddable":true,"href":"http:\/\/educacaofisica.sites.uff.br\/index.php?rest_route=%2Fwp%2Fv2%2Ftags&post=1586"}],"curies":[{"name":"wp","href":"https:\/\/api.w.org\/{rel}","templated":true}]}}

Encontro Fluminense de Educação Física Escolar (EnFEFE)

<p> Nos dias 21, 22 e 23 de Novembro foi realizado o XVI EnFEFE -Encontro Fluminense de Educação Física Escolar. </p>



<p>Confira a qui a cobertura audiovisual:</p>



<p><blockquote class="wp-embedded-content" data-secret="AdyGgUQ4eA"><a href="http://educacaofisica.sites.uff.br/?p=1956">XVI EnFEFE &#8211; Cobertura audiovisual disponível</a></blockquote><iframe loading="lazy" class="wp-embedded-content" sandbox="allow-scripts" security="restricted" style="position: absolute; visibility: hidden;" title="&#8220;XVI EnFEFE &#8211; Cobertura audiovisual disponível&#8221; &#8212; Educação Fisica" src="http://educacaofisica.sites.uff.br/?p=1956&#038;embed=true#?secret=TpZCf4MtMm#?secret=AdyGgUQ4eA" data-secret="AdyGgUQ4eA" width="500" height="282" frameborder="0" marginwidth="0" marginheight="0" scrolling="no"></iframe></p>



<p>O Encontro Fluminense de Educação Física Escolar (EnFEFE) é evento acadêmico organizado pelo Departamento de Educação Física, desde 1996, com o objetivo de aproximar a Universidade da Educação Básica, através de um espaço onde os problemas da educação física escolar em nossa região possam ser discutidos.</p>



<p>Esse Encontro faz parte de trabalho institucional atento à responsabilidade social da Universidade pública, questionando o que é hegemônico na Educação. Nesse movimento, compreendemos a Educação Física Escolar integrante desse cenário, cujos conteúdos, objetos de ensino/pesquisa e problematizações consideram a organização social, a escolar e vão além da relação com os esportes, pois a&nbsp;<em>cultura corporal</em>&nbsp;é paradigma.</p>



<p>Em 2020, ano em que o Departamento de Educação Física da UFF completa 45 anos, o XV EnFEFE pautará a “<em>Escola, Educação Física e os impactos do avanço conservador</em>” como questão central. Considerando que a ideia geral do evento e o mês de sua realização (novembro) foram aprovados na última reunião departamental de 2019; continua urgente e necessária a discussão do tema geral do evento, nesse contexto de crise política e sanitária e; ainda nos encontramos com necessidade de distanciamento social provocado pela pandemia da covid-19; a comissão organizadora trabalha para que o XV EnFEFE ocorra em dois momentos. O primeiro momento será através de plataforma virtual, nos dias 16, 17 e 18 de novembro, sempre com início às 17h e; o segundo momento, a ser realizado no final do primeiro semestre de 2021, presencial, se for possível. Em breve, maiores detalhes.</p>

<p>Nos dias 21, 22 e 23 de Novembro foi realizado o XVI EnFEFE -Encontro Fluminense de Educação Física Escolar. Confira a qui a cobertura audiovisual: XVI EnFEFE &#8211; Cobertura audiovisual disponível O Encontro Fluminense de Educação Física Escolar (EnFEFE) é evento acadêmico organizado pelo Departamento de Educação Física, desde 1996, com o objetivo de aproximar [&hellip;]</p>
