{"id":1583,"date":"2020-08-10T15:59:46","date_gmt":"2020-08-10T15:59:46","guid":{"rendered":"http:\/\/educacaofisica.sites.uff.br\/?page_id=1583"},"modified":"2021-02-05T21:27:05","modified_gmt":"2021-02-05T21:27:05","slug":"revista-fluminense-de-educacao-fisica","status":"publish","type":"page","link":"http:\/\/educacaofisica.sites.uff.br\/?page_id=1583","title":{"rendered":"Revista Fluminense de Educa\u00e7\u00e3o F\u00edsica"},"content":{"rendered":"\n<h2 class=\"wp-block-heading\"><\/h2>\n\n\n\n<p>A Revista Fluminense de Educa\u00e7\u00e3o F\u00edsica \u00e9 pensada a partir da experi\u00eancia institucional, no Instituto de Educa\u00e7\u00e3o F\u00edsica (IEF) da Universidade Federal Fluminense (UFF), proporcionada pela Revista Perspectivas em Educa\u00e7\u00e3o F\u00edsica Escolar.\u00a0A equipe editorial da\u00a0Revista Fluminense de Educa\u00e7\u00e3o F\u00edsica,\u00a0formada a partir de comiss\u00e3o que constitui movimentos necess\u00e1rios ao processo de implementa\u00e7\u00e3o de um\u00a0<em>stricto sensu<\/em>, trabalhou para que o lan\u00e7amento do primeiro n\u00famero ocorresse em dezembro de 2020 (<a href=\"https:\/\/youtu.be\/kNGoMDqzEX8\">https:\/\/youtu.be\/kNGoMDqzEX8<\/a>).<\/p>\n\n\n\n<p><\/p>\n\n\n\n<p>Organizada para ser de livre acesso, avaliada pelos pares, de acesso aberto e gratuito, divulga produ\u00e7\u00f5es na \u00e1rea de Educa\u00e7\u00e3o F\u00edsica em interface com as Ci\u00eancias Humanas, Sociais e Biol\u00f3gicas, sobretudo quanto aos seus aspectos pedag\u00f3gicos, hist\u00f3ricos, pol\u00edticos, culturais, de promo\u00e7\u00e3o da sa\u00fade\/qualidade de vida e biodin\u00e2micos. Como objetivos principais: difundir, instigar e dar visibilidade \u00e0 produ\u00e7\u00e3o do conhecimento em educa\u00e7\u00e3o f\u00edsica, para pensar e intervir na \u00e1rea atrav\u00e9s do ensino, da pesquisa e da extens\u00e3o.<\/p>\n\n\n\n<p>Com publica\u00e7\u00f5es semestrais, conta com se\u00e7\u00f5es abertas (Artigos Originais; Relatos de Experi\u00eancia; Ensaios;\u00a0Resumos de disserta\u00e7\u00f5es e teses; Resenhas e Entrevistas) e Dossi\u00eas. O primeiro n\u00famero \u00e9 uma edi\u00e7\u00e3o comemorativa pelos 45 anos do Departamento de Educa\u00e7\u00e3o F\u00edsica da UFF.<\/p>\n\n\n\n<p>Link de acesso:\u00a0<a rel=\"noreferrer noopener\" href=\"https:\/\/periodicos.uff.br\/edfisica-fluminense\" target=\"_blank\">https:\/\/periodicos.uff.br\/edfisica-fluminense<\/a>.<\/p>\n","protected":false},"excerpt":{"rendered":"<p>A Revista Fluminense de Educa\u00e7\u00e3o F\u00edsica \u00e9 pensada a partir da experi\u00eancia institucional, no Instituto de Educa\u00e7\u00e3o F\u00edsica (IEF) da Universidade Federal Fluminense (UFF), proporcionada pela Revista Perspectivas em Educa\u00e7\u00e3o F\u00edsica Escolar.\u00a0A equipe editorial da\u00a0Revista Fluminense de Educa\u00e7\u00e3o F\u00edsica,\u00a0formada a partir de comiss\u00e3o que constitui movimentos necess\u00e1rios ao processo de implementa\u00e7\u00e3o de um\u00a0stricto sensu, trabalhou [&hellip;]<\/p>\n","protected":false},"author":10,"featured_media":0,"parent":0,"menu_order":0,"comment_status":"closed","ping_status":"closed","template":"","meta":{"_exactmetrics_skip_tracking":false,"_exactmetrics_sitenote_active":false,"_exactmetrics_sitenote_note":"","_exactmetrics_sitenote_category":0,"footnotes":""},"categories":[],"tags":[],"class_list":["post-1583","page","type-page","status-publish","hentry"],"_links":{"self":[{"href":"http:\/\/educacaofisica.sites.uff.br\/index.php?rest_route=\/wp\/v2\/pages\/1583","targetHints":{"allow":["GET"]}}],"collection":[{"href":"http:\/\/educacaofisica.sites.uff.br\/index.php?rest_route=\/wp\/v2\/pages"}],"about":[{"href":"http:\/\/educacaofisica.sites.uff.br\/index.php?rest_route=\/wp\/v2\/types\/page"}],"author":[{"embeddable":true,"href":"http:\/\/educacaofisica.sites.uff.br\/index.php?rest_route=\/wp\/v2\/users\/10"}],"replies":[{"embeddable":true,"href":"http:\/\/educacaofisica.sites.uff.br\/index.php?rest_route=%2Fwp%2Fv2%2Fcomments&post=1583"}],"version-history":[{"count":3,"href":"http:\/\/educacaofisica.sites.uff.br\/index.php?rest_route=\/wp\/v2\/pages\/1583\/revisions"}],"predecessor-version":[{"id":1738,"href":"http:\/\/educacaofisica.sites.uff.br\/index.php?rest_route=\/wp\/v2\/pages\/1583\/revisions\/1738"}],"wp:attachment":[{"href":"http:\/\/educacaofisica.sites.uff.br\/index.php?rest_route=%2Fwp%2Fv2%2Fmedia&parent=1583"}],"wp:term":[{"taxonomy":"category","embeddable":true,"href":"http:\/\/educacaofisica.sites.uff.br\/index.php?rest_route=%2Fwp%2Fv2%2Fcategories&post=1583"},{"taxonomy":"post_tag","embeddable":true,"href":"http:\/\/educacaofisica.sites.uff.br\/index.php?rest_route=%2Fwp%2Fv2%2Ftags&post=1583"}],"curies":[{"name":"wp","href":"https:\/\/api.w.org\/{rel}","templated":true}]}}

Revista Fluminense de Educação Física

<h2 class="wp-block-heading"></h2>



<p>A Revista Fluminense de Educação Física é pensada a partir da experiência institucional, no Instituto de Educação Física (IEF) da Universidade Federal Fluminense (UFF), proporcionada pela Revista Perspectivas em Educação Física Escolar. A equipe editorial da Revista Fluminense de Educação Física, formada a partir de comissão que constitui movimentos necessários ao processo de implementação de um <em>stricto sensu</em>, trabalhou para que o lançamento do primeiro número ocorresse em dezembro de 2020 (<a href="https://youtu.be/kNGoMDqzEX8">https://youtu.be/kNGoMDqzEX8</a>).</p>



<p></p>



<p>Organizada para ser de livre acesso, avaliada pelos pares, de acesso aberto e gratuito, divulga produções na área de Educação Física em interface com as Ciências Humanas, Sociais e Biológicas, sobretudo quanto aos seus aspectos pedagógicos, históricos, políticos, culturais, de promoção da saúde/qualidade de vida e biodinâmicos. Como objetivos principais: difundir, instigar e dar visibilidade à produção do conhecimento em educação física, para pensar e intervir na área através do ensino, da pesquisa e da extensão.</p>



<p>Com publicações semestrais, conta com seções abertas (Artigos Originais; Relatos de Experiência; Ensaios; Resumos de dissertações e teses; Resenhas e Entrevistas) e Dossiês. O primeiro número é uma edição comemorativa pelos 45 anos do Departamento de Educação Física da UFF.</p>



<p>Link de acesso: <a rel="noreferrer noopener" href="https://periodicos.uff.br/edfisica-fluminense" target="_blank">https://periodicos.uff.br/edfisica-fluminense</a>.</p>

<p>A Revista Fluminense de Educação Física é pensada a partir da experiência institucional, no Instituto de Educação Física (IEF) da Universidade Federal Fluminense (UFF), proporcionada pela Revista Perspectivas em Educação Física Escolar. A equipe editorial da Revista Fluminense de Educação Física, formada a partir de comissão que constitui movimentos necessários ao processo de implementação de um stricto sensu, trabalhou [&hellip;]</p>
