{"id":1578,"date":"2020-08-10T15:47:15","date_gmt":"2020-08-10T15:47:15","guid":{"rendered":"http:\/\/educacaofisica.sites.uff.br\/?page_id=1578"},"modified":"2025-04-04T18:05:51","modified_gmt":"2025-04-04T18:05:51","slug":"pos-graduacao","status":"publish","type":"page","link":"http:\/\/educacaofisica.sites.uff.br\/?page_id=1578","title":{"rendered":"P\u00f3s Gradua\u00e7\u00e3o"},"content":{"rendered":"\n<p><strong>A P\u00f3s-Gradua\u00e7\u00e3o no Instituto de Educa\u00e7\u00e3o F\u00edsica da Universidade Federal Fluminense<\/strong><\/p>\n\n\n\n<p>Para atender a Lei de Diretrizes e Bases da Educa\u00e7\u00e3o Nacional que vigorava nos anos 70 do s\u00e9culo XX, oferecendo pr\u00e1ticas corporais aos estudantes matriculados nos diversos cursos oferecidos pela Universidade Federal Fluminense (UFF), em 1975 inicia a educa\u00e7\u00e3o f\u00edsica na UFF. Em 1990, j\u00e1 consolidando uma trajet\u00f3ria dedicada a uma doc\u00eancia que buscava incluir e integrar os estudantes com o conhecimento socialmente constru\u00eddo que as pr\u00e1ticas corporais representam, iniciou-se o curso que hoje conhecemos por Especializa\u00e7\u00e3o em Educa\u00e7\u00e3o F\u00edsica Escolar. Nessa mesma d\u00e9cada de cria\u00e7\u00e3o desse&nbsp;<em>lato sensu<\/em>, \u00e9 lan\u00e7ada a&nbsp;<em>Revista Perspectiva em Educa\u00e7\u00e3o F\u00edsica Escolar<\/em>&nbsp;e o&nbsp;<em>Encontro Fluminense de Educa\u00e7\u00e3o F\u00edsica Escolar (EnFEFE)<\/em>. Momento em que o Instituto de Educa\u00e7\u00e3o F\u00edsica&nbsp;<strong>(<\/strong>IEF) reconheceu ser &#8211; esse conjunto de a\u00e7\u00f5es acad\u00eamicas &#8211; sua p\u00f3s-gradua\u00e7\u00e3o.<\/p>\n","protected":false},"excerpt":{"rendered":"<p>A P\u00f3s-Gradua\u00e7\u00e3o no Instituto de Educa\u00e7\u00e3o F\u00edsica da Universidade Federal Fluminense Para atender a Lei de Diretrizes e Bases da Educa\u00e7\u00e3o Nacional que vigorava nos anos 70 do s\u00e9culo XX, oferecendo pr\u00e1ticas corporais aos estudantes matriculados nos diversos cursos oferecidos pela Universidade Federal Fluminense (UFF), em 1975 inicia a educa\u00e7\u00e3o f\u00edsica na UFF. Em 1990, [&hellip;]<\/p>\n","protected":false},"author":10,"featured_media":0,"parent":0,"menu_order":0,"comment_status":"closed","ping_status":"closed","template":"","meta":{"_exactmetrics_skip_tracking":false,"_exactmetrics_sitenote_active":false,"_exactmetrics_sitenote_note":"","_exactmetrics_sitenote_category":0,"footnotes":""},"categories":[],"tags":[],"class_list":["post-1578","page","type-page","status-publish","hentry"],"_links":{"self":[{"href":"http:\/\/educacaofisica.sites.uff.br\/index.php?rest_route=\/wp\/v2\/pages\/1578","targetHints":{"allow":["GET"]}}],"collection":[{"href":"http:\/\/educacaofisica.sites.uff.br\/index.php?rest_route=\/wp\/v2\/pages"}],"about":[{"href":"http:\/\/educacaofisica.sites.uff.br\/index.php?rest_route=\/wp\/v2\/types\/page"}],"author":[{"embeddable":true,"href":"http:\/\/educacaofisica.sites.uff.br\/index.php?rest_route=\/wp\/v2\/users\/10"}],"replies":[{"embeddable":true,"href":"http:\/\/educacaofisica.sites.uff.br\/index.php?rest_route=%2Fwp%2Fv2%2Fcomments&post=1578"}],"version-history":[{"count":3,"href":"http:\/\/educacaofisica.sites.uff.br\/index.php?rest_route=\/wp\/v2\/pages\/1578\/revisions"}],"predecessor-version":[{"id":2204,"href":"http:\/\/educacaofisica.sites.uff.br\/index.php?rest_route=\/wp\/v2\/pages\/1578\/revisions\/2204"}],"wp:attachment":[{"href":"http:\/\/educacaofisica.sites.uff.br\/index.php?rest_route=%2Fwp%2Fv2%2Fmedia&parent=1578"}],"wp:term":[{"taxonomy":"category","embeddable":true,"href":"http:\/\/educacaofisica.sites.uff.br\/index.php?rest_route=%2Fwp%2Fv2%2Fcategories&post=1578"},{"taxonomy":"post_tag","embeddable":true,"href":"http:\/\/educacaofisica.sites.uff.br\/index.php?rest_route=%2Fwp%2Fv2%2Ftags&post=1578"}],"curies":[{"name":"wp","href":"https:\/\/api.w.org\/{rel}","templated":true}]}}

Pós Graduação

<p><strong>A Pós-Graduação no Instituto de Educação Física da Universidade Federal Fluminense</strong></p>



<p>Para atender a Lei de Diretrizes e Bases da Educação Nacional que vigorava nos anos 70 do século XX, oferecendo práticas corporais aos estudantes matriculados nos diversos cursos oferecidos pela Universidade Federal Fluminense (UFF), em 1975 inicia a educação física na UFF. Em 1990, já consolidando uma trajetória dedicada a uma docência que buscava incluir e integrar os estudantes com o conhecimento socialmente construído que as práticas corporais representam, iniciou-se o curso que hoje conhecemos por Especialização em Educação Física Escolar. Nessa mesma década de criação desse&nbsp;<em>lato sensu</em>, é lançada a&nbsp;<em>Revista Perspectiva em Educação Física Escolar</em>&nbsp;e o&nbsp;<em>Encontro Fluminense de Educação Física Escolar (EnFEFE)</em>. Momento em que o Instituto de Educação Física&nbsp;<strong>(</strong>IEF) reconheceu ser &#8211; esse conjunto de ações acadêmicas &#8211; sua pós-graduação.</p>

<p>A Pós-Graduação no Instituto de Educação Física da Universidade Federal Fluminense Para atender a Lei de Diretrizes e Bases da Educação Nacional que vigorava nos anos 70 do século XX, oferecendo práticas corporais aos estudantes matriculados nos diversos cursos oferecidos pela Universidade Federal Fluminense (UFF), em 1975 inicia a educação física na UFF. Em 1990, [&hellip;]</p>
