{"id":1529,"date":"2020-07-13T18:37:08","date_gmt":"2020-07-13T18:37:08","guid":{"rendered":"http:\/\/educacaofisica.sites.uff.br\/?page_id=1529"},"modified":"2023-09-15T15:54:02","modified_gmt":"2023-09-15T15:54:02","slug":"documentos","status":"publish","type":"page","link":"http:\/\/educacaofisica.sites.uff.br\/?page_id=1529","title":{"rendered":"Documentos"},"content":{"rendered":"\n<p>Atualizado em Julho de 2020<\/p>\n\n\n\n<div class=\"wp-block-file\"><a href=\"http:\/\/educacaofisica.sites.uff.br\/wp-content\/uploads\/sites\/10\/2020\/07\/A-Abono-Perman\u00eancia-em-Servi\u00e7o-2.pdf\">1) Abono-Perman\u00eancia-em-Servi\u00e7o-2<\/a><a href=\"http:\/\/educacaofisica.sites.uff.br\/wp-content\/uploads\/sites\/10\/2020\/07\/A-Abono-Perman\u00eancia-em-Servi\u00e7o-2.pdf\" class=\"wp-block-file__button\" download>Baixar<\/a><\/div>\n\n\n\n<div class=\"wp-block-file\"><a href=\"http:\/\/educacaofisica.sites.uff.br\/wp-content\/uploads\/sites\/10\/2020\/07\/A-Acelera\u00e7\u00e3o-de-Promo\u00e7\u00e3o-Docente.pdf\">2) Acelera\u00e7\u00e3o-de-Promo\u00e7\u00e3o-Docente<\/a><a href=\"http:\/\/educacaofisica.sites.uff.br\/wp-content\/uploads\/sites\/10\/2020\/07\/A-Acelera\u00e7\u00e3o-de-Promo\u00e7\u00e3o-Docente.pdf\" class=\"wp-block-file__button\" download>Baixar<\/a><\/div>\n\n\n\n<div class=\"wp-block-file\"><a href=\"http:\/\/educacaofisica.sites.uff.br\/wp-content\/uploads\/sites\/10\/2020\/07\/A-Afastamento-de-Docente-no-Pa\u00eds-Capacita\u00e7\u00e3o-ou-Qualifica\u00e7\u00e3o.pdf\">3) Afastamento-de-Docente-no-Pa\u00eds-Capacita\u00e7\u00e3o-ou-Qualifica\u00e7\u00e3o<\/a><a href=\"http:\/\/educacaofisica.sites.uff.br\/wp-content\/uploads\/sites\/10\/2020\/07\/A-Afastamento-de-Docente-no-Pa\u00eds-Capacita\u00e7\u00e3o-ou-Qualifica\u00e7\u00e3o.pdf\" class=\"wp-block-file__button\" download>Baixar<\/a><\/div>\n\n\n\n<div class=\"wp-block-file\"><a href=\"http:\/\/educacaofisica.sites.uff.br\/wp-content\/uploads\/sites\/10\/2020\/07\/A-Afastamento-de-Tecnico-no-Pa\u00eds-Capacita\u00e7\u00e3o-ou-Qualifica\u00e7\u00e3o.pdf\">4) Afastamento-de-Tecnico-no-Pa\u00eds-Capacita\u00e7\u00e3o-ou-Qualifica\u00e7\u00e3o<\/a><a href=\"http:\/\/educacaofisica.sites.uff.br\/wp-content\/uploads\/sites\/10\/2020\/07\/A-Afastamento-de-Tecnico-no-Pa\u00eds-Capacita\u00e7\u00e3o-ou-Qualifica\u00e7\u00e3o.pdf\" class=\"wp-block-file__button\" download>Baixar<\/a><\/div>\n\n\n\n<div class=\"wp-block-file\"><a href=\"http:\/\/educacaofisica.sites.uff.br\/wp-content\/uploads\/sites\/10\/2020\/07\/A-Apoio-a-Iniciativas-de-Capacita\u00e7\u00e3o.pdf\">5) Apoio-a-Iniciativas-de-Capacita\u00e7\u00e3o<\/a><a href=\"http:\/\/educacaofisica.sites.uff.br\/wp-content\/uploads\/sites\/10\/2020\/07\/A-Apoio-a-Iniciativas-de-Capacita\u00e7\u00e3o.pdf\" class=\"wp-block-file__button\" download>Baixar<\/a><\/div>\n\n\n\n<div class=\"wp-block-file\"><a href=\"http:\/\/educacaofisica.sites.uff.br\/wp-content\/uploads\/sites\/10\/2020\/07\/A-Aux\u00edlio-Transporte-1\u00ba-cadastro.pdf\">6) Aux\u00edlio-Transporte-1\u00ba-cadastro<\/a><a href=\"http:\/\/educacaofisica.sites.uff.br\/wp-content\/uploads\/sites\/10\/2020\/07\/A-Aux\u00edlio-Transporte-1\u00ba-cadastro.pdf\" class=\"wp-block-file__button\" download>Baixar<\/a><\/div>\n\n\n\n<div class=\"wp-block-file\"><a href=\"http:\/\/educacaofisica.sites.uff.br\/wp-content\/uploads\/sites\/10\/2020\/07\/A-Aux\u00edlio-Transporte-Altera\u00e7\u00e3o.pdf\">7) Aux\u00edlio-Transporte-Altera\u00e7\u00e3o<\/a><a href=\"http:\/\/educacaofisica.sites.uff.br\/wp-content\/uploads\/sites\/10\/2020\/07\/A-Aux\u00edlio-Transporte-Altera\u00e7\u00e3o.pdf\" class=\"wp-block-file__button\" download>Baixar<\/a><\/div>\n\n\n\n<div class=\"wp-block-file\"><a href=\"http:\/\/educacaofisica.sites.uff.br\/wp-content\/uploads\/sites\/10\/2020\/07\/A-Averba\u00e7\u00e3o-de-Tempo-de-Contribui\u00e7\u00e3o.pdf\">8) Averba\u00e7\u00e3o-de-Tempo-de-Contribui\u00e7\u00e3o<\/a><a href=\"http:\/\/educacaofisica.sites.uff.br\/wp-content\/uploads\/sites\/10\/2020\/07\/A-Averba\u00e7\u00e3o-de-Tempo-de-Contribui\u00e7\u00e3o.pdf\" class=\"wp-block-file__button\" download>Baixar<\/a><\/div>\n\n\n\n<div class=\"wp-block-file\"><a href=\"http:\/\/educacaofisica.sites.uff.br\/wp-content\/uploads\/sites\/10\/2021\/03\/Homologa\u00e7\u00e3o-de-Est\u00e1gio-Probat\u00f3rio-Docente.pdf\">9) Homologa\u00e7\u00e3o-de-Est\u00e1gio-Probat\u00f3rio-Docente<\/a><a href=\"http:\/\/educacaofisica.sites.uff.br\/wp-content\/uploads\/sites\/10\/2021\/03\/Homologa\u00e7\u00e3o-de-Est\u00e1gio-Probat\u00f3rio-Docente.pdf\" class=\"wp-block-file__button\" download>Baixar<\/a><\/div>\n\n\n\n<div class=\"wp-block-file\"><a href=\"http:\/\/educacaofisica.sites.uff.br\/wp-content\/uploads\/sites\/10\/2020\/07\/A-Est\u00e1gio-Probat\u00f3rio-Tecnico-administrativo.pdf\">10) Est\u00e1gio-Probat\u00f3rio-Tecnico-administrativo<\/a><a href=\"http:\/\/educacaofisica.sites.uff.br\/wp-content\/uploads\/sites\/10\/2020\/07\/A-Est\u00e1gio-Probat\u00f3rio-Tecnico-administrativo.pdf\" class=\"wp-block-file__button\" download>Baixar<\/a><\/div>\n\n\n\n<div class=\"wp-block-file\"><a href=\"http:\/\/educacaofisica.sites.uff.br\/wp-content\/uploads\/sites\/10\/2020\/07\/A-Guia-chefe-e-subchefe.pdf\">11) Guia-chefe-e-subchefe<\/a><a href=\"http:\/\/educacaofisica.sites.uff.br\/wp-content\/uploads\/sites\/10\/2020\/07\/A-Guia-chefe-e-subchefe.pdf\" class=\"wp-block-file__button\" download>Baixar<\/a><\/div>\n\n\n\n<div class=\"wp-block-file\"><a href=\"http:\/\/educacaofisica.sites.uff.br\/wp-content\/uploads\/sites\/10\/2020\/07\/A-Guia-coordenador.pdf\">12) Guia-coordenador<\/a><a href=\"http:\/\/educacaofisica.sites.uff.br\/wp-content\/uploads\/sites\/10\/2020\/07\/A-Guia-coordenador.pdf\" class=\"wp-block-file__button\" download>Baixar<\/a><\/div>\n\n\n\n<div class=\"wp-block-file\"><a href=\"http:\/\/educacaofisica.sites.uff.br\/wp-content\/uploads\/sites\/10\/2020\/07\/A-Guia-da-carreira-docente.pdf\">13) Guia-da-carreira-docente<\/a><a href=\"http:\/\/educacaofisica.sites.uff.br\/wp-content\/uploads\/sites\/10\/2020\/07\/A-Guia-da-carreira-docente.pdf\" class=\"wp-block-file__button\" download>Baixar<\/a><\/div>\n\n\n\n<div class=\"wp-block-file\"><a href=\"http:\/\/educacaofisica.sites.uff.br\/wp-content\/uploads\/sites\/10\/2020\/07\/A-Guia-da-carreira-tecnico-administrativo.pdf\">14) Guia-da-carreira-tecnico-administrativo<\/a><a href=\"http:\/\/educacaofisica.sites.uff.br\/wp-content\/uploads\/sites\/10\/2020\/07\/A-Guia-da-carreira-tecnico-administrativo.pdf\" class=\"wp-block-file__button\" download>Baixar<\/a><\/div>\n\n\n\n<div class=\"wp-block-file\"><a href=\"http:\/\/educacaofisica.sites.uff.br\/wp-content\/uploads\/sites\/10\/2020\/07\/A-Hor\u00e1rio-Especial-Servidor-Estudante.pdf\">15) Hor\u00e1rio-Especial-Servidor-Estudante<\/a><a href=\"http:\/\/educacaofisica.sites.uff.br\/wp-content\/uploads\/sites\/10\/2020\/07\/A-Hor\u00e1rio-Especial-Servidor-Estudante.pdf\" class=\"wp-block-file__button\" download>Baixar<\/a><\/div>\n\n\n\n<div class=\"wp-block-file\"><a href=\"http:\/\/educacaofisica.sites.uff.br\/wp-content\/uploads\/sites\/10\/2020\/07\/A-Incentivo-\u00e0-Qualifica\u00e7\u00e3o.pdf\">16) Incentivo-\u00e0-Qualifica\u00e7\u00e3o<\/a><a href=\"http:\/\/educacaofisica.sites.uff.br\/wp-content\/uploads\/sites\/10\/2020\/07\/A-Incentivo-\u00e0-Qualifica\u00e7\u00e3o.pdf\" class=\"wp-block-file__button\" download>Baixar<\/a><\/div>\n\n\n\n<div class=\"wp-block-file\"><a href=\"http:\/\/educacaofisica.sites.uff.br\/wp-content\/uploads\/sites\/10\/2020\/07\/A-Licen\u00e7a-Capacita\u00e7\u00e3o-Docente.pdf\">17) Licen\u00e7a-Capacita\u00e7\u00e3o-Docente<\/a><a href=\"http:\/\/educacaofisica.sites.uff.br\/wp-content\/uploads\/sites\/10\/2020\/07\/A-Licen\u00e7a-Capacita\u00e7\u00e3o-Docente.pdf\" class=\"wp-block-file__button\" download>Baixar<\/a><\/div>\n\n\n\n<div class=\"wp-block-file\"><a href=\"http:\/\/educacaofisica.sites.uff.br\/wp-content\/uploads\/sites\/10\/2020\/07\/A-Licen\u00e7a-Capacita\u00e7\u00e3o-T\u00e9cnico-administrativo.pdf\">18) Licen\u00e7a-Capacita\u00e7\u00e3o-T\u00e9cnico-administrativo<\/a><a href=\"http:\/\/educacaofisica.sites.uff.br\/wp-content\/uploads\/sites\/10\/2020\/07\/A-Licen\u00e7a-Capacita\u00e7\u00e3o-T\u00e9cnico-administrativo.pdf\" class=\"wp-block-file__button\" download>Baixar<\/a><\/div>\n\n\n\n<div class=\"wp-block-file\"><a href=\"http:\/\/educacaofisica.sites.uff.br\/wp-content\/uploads\/sites\/10\/2020\/07\/A-Pagamento-de-Substitui\u00e7\u00e3o-de-Chefia.pdf\">19) Pagamento-de-Substitui\u00e7\u00e3o-de-Chefia<\/a><a href=\"http:\/\/educacaofisica.sites.uff.br\/wp-content\/uploads\/sites\/10\/2020\/07\/A-Pagamento-de-Substitui\u00e7\u00e3o-de-Chefia.pdf\" class=\"wp-block-file__button\" download>Baixar<\/a><\/div>\n\n\n\n<div class=\"wp-block-file\"><a href=\"http:\/\/educacaofisica.sites.uff.br\/wp-content\/uploads\/sites\/10\/2021\/03\/Progress\u00e3o-Funcional-Docente.pdf\">20) Progress\u00e3o-Funcional-Docente<\/a><a href=\"http:\/\/educacaofisica.sites.uff.br\/wp-content\/uploads\/sites\/10\/2021\/03\/Progress\u00e3o-Funcional-Docente.pdf\" class=\"wp-block-file__button\" download>Baixar<\/a><\/div>\n\n\n\n<div class=\"wp-block-file\"><a href=\"http:\/\/educacaofisica.sites.uff.br\/wp-content\/uploads\/sites\/10\/2020\/07\/A-Progress\u00e3o-por-Capacita\u00e7\u00e3o.pdf\">21) Progress\u00e3o-por-Capacita\u00e7\u00e3o<\/a><a href=\"http:\/\/educacaofisica.sites.uff.br\/wp-content\/uploads\/sites\/10\/2020\/07\/A-Progress\u00e3o-por-Capacita\u00e7\u00e3o.pdf\" class=\"wp-block-file__button\" download>Baixar<\/a><\/div>\n\n\n\n<div data-wp-interactive=\"core\/file\" class=\"wp-block-file\"><a href=\"http:\/\/educacaofisica.sites.uff.br\/wp-content\/uploads\/sites\/10\/2023\/09\/Normas-da-Piscina-2023.pdf\">22) Normas-da-Piscina-2023<\/a><a href=\"http:\/\/educacaofisica.sites.uff.br\/wp-content\/uploads\/sites\/10\/2023\/09\/Normas-da-Piscina-2023.pdf\" class=\"wp-block-file__button\" download>Baixar<\/a><\/div>\n","protected":false},"excerpt":{"rendered":"<p>Atualizado em Julho de 2020<\/p>\n","protected":false},"author":10,"featured_media":0,"parent":0,"menu_order":0,"comment_status":"closed","ping_status":"closed","template":"","meta":{"_exactmetrics_skip_tracking":false,"_exactmetrics_sitenote_active":false,"_exactmetrics_sitenote_note":"","_exactmetrics_sitenote_category":0,"footnotes":""},"categories":[],"tags":[],"class_list":["post-1529","page","type-page","status-publish","hentry"],"_links":{"self":[{"href":"http:\/\/educacaofisica.sites.uff.br\/index.php?rest_route=\/wp\/v2\/pages\/1529","targetHints":{"allow":["GET"]}}],"collection":[{"href":"http:\/\/educacaofisica.sites.uff.br\/index.php?rest_route=\/wp\/v2\/pages"}],"about":[{"href":"http:\/\/educacaofisica.sites.uff.br\/index.php?rest_route=\/wp\/v2\/types\/page"}],"author":[{"embeddable":true,"href":"http:\/\/educacaofisica.sites.uff.br\/index.php?rest_route=\/wp\/v2\/users\/10"}],"replies":[{"embeddable":true,"href":"http:\/\/educacaofisica.sites.uff.br\/index.php?rest_route=%2Fwp%2Fv2%2Fcomments&post=1529"}],"version-history":[{"count":6,"href":"http:\/\/educacaofisica.sites.uff.br\/index.php?rest_route=\/wp\/v2\/pages\/1529\/revisions"}],"predecessor-version":[{"id":2071,"href":"http:\/\/educacaofisica.sites.uff.br\/index.php?rest_route=\/wp\/v2\/pages\/1529\/revisions\/2071"}],"wp:attachment":[{"href":"http:\/\/educacaofisica.sites.uff.br\/index.php?rest_route=%2Fwp%2Fv2%2Fmedia&parent=1529"}],"wp:term":[{"taxonomy":"category","embeddable":true,"href":"http:\/\/educacaofisica.sites.uff.br\/index.php?rest_route=%2Fwp%2Fv2%2Fcategories&post=1529"},{"taxonomy":"post_tag","embeddable":true,"href":"http:\/\/educacaofisica.sites.uff.br\/index.php?rest_route=%2Fwp%2Fv2%2Ftags&post=1529"}],"curies":[{"name":"wp","href":"https:\/\/api.w.org\/{rel}","templated":true}]}}