{"id":1017,"date":"2018-04-10T12:49:55","date_gmt":"2018-04-10T12:49:55","guid":{"rendered":"http:\/\/educacaofisica.sites.uff.br\/?page_id=1017"},"modified":"2019-02-26T16:50:12","modified_gmt":"2019-02-26T16:50:12","slug":"curso-de-extensao-corporeidades-praticas-corporais-e-educacao-de-jovens-e-adultos-eja","status":"publish","type":"page","link":"http:\/\/educacaofisica.sites.uff.br\/?page_id=1017","title":{"rendered":"Curso de Extens\u00e3o: Corporeidades, Pr\u00e1ticas Corporais e Educa\u00e7\u00e3o de Jovens e Adultos (EJA)"},"content":{"rendered":"<p>O\u00a0<strong><i>Curso de extens\u00e3o:<\/i>\u00a0<\/strong><i><strong>corporeidades, pr\u00e1ticas corporais e Educa\u00e7\u00e3o de Jovens e Adultos (EJA) <\/strong><\/i>\u00e9 um\u00a0projeto destinado \u00e0 forma\u00e7\u00e3o inicial e continuada de Professorxs para a EJA, entendendo a educa\u00e7\u00e3o como direito p\u00fablico e, a responsabilidade das Universidades para essa forma\u00e7\u00e3o.<\/p>\n<p><img loading=\"lazy\" decoding=\"async\" class=\"alignnone wp-image-1024\" src=\"http:\/\/educacaofisica.sites.uff.br\/wp-content\/uploads\/sites\/10\/2018\/04\/IEF-Rubens-Paiva-II-rec.png\" alt=\"\" width=\"750\" height=\"272\" srcset=\"http:\/\/educacaofisica.sites.uff.br\/wp-content\/uploads\/sites\/10\/2018\/04\/IEF-Rubens-Paiva-II-rec.png 765w, http:\/\/educacaofisica.sites.uff.br\/wp-content\/uploads\/sites\/10\/2018\/04\/IEF-Rubens-Paiva-II-rec-300x109.png 300w\" sizes=\"auto, (max-width: 750px) 100vw, 750px\" \/><\/p>\n<p>&nbsp;<\/p>\n<p>Confira no link:<\/p>\n<p>O Edital do Curso;<\/p>\n<p>O cronograma;<\/p>\n<p>A ficha de inscri\u00e7\u00e3o;<\/p>\n<p><a href=\"http:\/\/educacaofisica.sites.uff.br\/wp-content\/uploads\/sites\/10\/2019\/02\/Curso-de-Extens\u00e3o_Corporeidades_-pr\u00e1ticas-corporais-e-EJA_UFF_Edital-2019.pdf\">Curso de Extens\u00e3o_Corporeidades_ pr\u00e1ticas corporais e EJA_UFF_Edital 2019<\/a><\/p>\n<p>&nbsp;<\/p>\n","protected":false},"excerpt":{"rendered":"<p>O\u00a0Curso de extens\u00e3o:\u00a0corporeidades, pr\u00e1ticas corporais e Educa\u00e7\u00e3o de Jovens e Adultos (EJA) \u00e9 um\u00a0projeto destinado \u00e0 forma\u00e7\u00e3o inicial e continuada de Professorxs para a EJA, entendendo a educa\u00e7\u00e3o como direito p\u00fablico e, a responsabilidade das Universidades para essa forma\u00e7\u00e3o. &nbsp; Confira no link: O Edital do Curso; O cronograma; A ficha de inscri\u00e7\u00e3o; Curso de [&hellip;]<\/p>\n","protected":false},"author":10,"featured_media":0,"parent":0,"menu_order":0,"comment_status":"closed","ping_status":"closed","template":"","meta":{"_exactmetrics_skip_tracking":false,"_exactmetrics_sitenote_active":false,"_exactmetrics_sitenote_note":"","_exactmetrics_sitenote_category":0,"footnotes":""},"categories":[],"tags":[],"class_list":["post-1017","page","type-page","status-publish","hentry"],"_links":{"self":[{"href":"http:\/\/educacaofisica.sites.uff.br\/index.php?rest_route=\/wp\/v2\/pages\/1017","targetHints":{"allow":["GET"]}}],"collection":[{"href":"http:\/\/educacaofisica.sites.uff.br\/index.php?rest_route=\/wp\/v2\/pages"}],"about":[{"href":"http:\/\/educacaofisica.sites.uff.br\/index.php?rest_route=\/wp\/v2\/types\/page"}],"author":[{"embeddable":true,"href":"http:\/\/educacaofisica.sites.uff.br\/index.php?rest_route=\/wp\/v2\/users\/10"}],"replies":[{"embeddable":true,"href":"http:\/\/educacaofisica.sites.uff.br\/index.php?rest_route=%2Fwp%2Fv2%2Fcomments&post=1017"}],"version-history":[{"count":8,"href":"http:\/\/educacaofisica.sites.uff.br\/index.php?rest_route=\/wp\/v2\/pages\/1017\/revisions"}],"predecessor-version":[{"id":1355,"href":"http:\/\/educacaofisica.sites.uff.br\/index.php?rest_route=\/wp\/v2\/pages\/1017\/revisions\/1355"}],"wp:attachment":[{"href":"http:\/\/educacaofisica.sites.uff.br\/index.php?rest_route=%2Fwp%2Fv2%2Fmedia&parent=1017"}],"wp:term":[{"taxonomy":"category","embeddable":true,"href":"http:\/\/educacaofisica.sites.uff.br\/index.php?rest_route=%2Fwp%2Fv2%2Fcategories&post=1017"},{"taxonomy":"post_tag","embeddable":true,"href":"http:\/\/educacaofisica.sites.uff.br\/index.php?rest_route=%2Fwp%2Fv2%2Ftags&post=1017"}],"curies":[{"name":"wp","href":"https:\/\/api.w.org\/{rel}","templated":true}]}}

Curso de Extensão: Corporeidades, Práticas Corporais e Educação de Jovens e Adultos (EJA)

<p>O <strong><i>Curso de extensão:</i> </strong><i><strong>corporeidades, práticas corporais e Educação de Jovens e Adultos (EJA) </strong></i>é um projeto destinado à formação inicial e continuada de Professorxs para a EJA, entendendo a educação como direito público e, a responsabilidade das Universidades para essa formação.</p>
<p><img loading="lazy" decoding="async" class="alignnone wp-image-1024" src="http://educacaofisica.sites.uff.br/wp-content/uploads/sites/10/2018/04/IEF-Rubens-Paiva-II-rec.png" alt="" width="750" height="272" srcset="http://educacaofisica.sites.uff.br/wp-content/uploads/sites/10/2018/04/IEF-Rubens-Paiva-II-rec.png 765w, http://educacaofisica.sites.uff.br/wp-content/uploads/sites/10/2018/04/IEF-Rubens-Paiva-II-rec-300x109.png 300w" sizes="auto, (max-width: 750px) 100vw, 750px" /></p>
<p>&nbsp;</p>
<p>Confira no link:</p>
<p>O Edital do Curso;</p>
<p>O cronograma;</p>
<p>A ficha de inscrição;</p>
<p><a href="http://educacaofisica.sites.uff.br/wp-content/uploads/sites/10/2019/02/Curso-de-Extensão_Corporeidades_-práticas-corporais-e-EJA_UFF_Edital-2019.pdf">Curso de Extensão_Corporeidades_ práticas corporais e EJA_UFF_Edital 2019</a></p>
<p>&nbsp;</p>

<p>O Curso de extensão: corporeidades, práticas corporais e Educação de Jovens e Adultos (EJA) é um projeto destinado à formação inicial e continuada de Professorxs para a EJA, entendendo a educação como direito público e, a responsabilidade das Universidades para essa formação. &nbsp; Confira no link: O Edital do Curso; O cronograma; A ficha de inscrição; Curso de [&hellip;]</p>
